{"id":939,"date":"2025-02-25T14:43:22","date_gmt":"2025-02-25T17:43:22","guid":{"rendered":"https:\/\/importadoramc.cl\/distribucion\/?post_type=product&#038;p=939"},"modified":"2026-04-15T13:20:28","modified_gmt":"2026-04-15T17:20:28","slug":"rifle-cal-5-5-mm-nitro-piston-marca-rossi-modelo-new-dione-gen3","status":"publish","type":"product","link":"https:\/\/importadoramc.cl\/distribucion\/producto\/rifle-cal-5-5-mm-nitro-piston-marca-rossi-modelo-new-dione-gen3\/","title":{"rendered":"Rifle cal 5.5 mm Nitro Piston Marca Rossi modelo New Dione Gen3"},"content":{"rendered":"<p><strong>Rossi Airguns Airsoft\u00a0<\/strong>es una empresa fabricante, importadora y distribuidora de accesorios, art\u00edculos para tiro deportivo, armas de fuego y armas de presi\u00f3n, con sede en la ciudad de S\u00e3o Leopoldo, en el estado de Rio Grande do Sul, fundada en 1889. A lo largo de los a\u00f1os, ha mantenido una fuerte tradici\u00f3n y pasi\u00f3n por el tiro deportivo, destac\u00e1ndose actualmente por la importaci\u00f3n y distribuci\u00f3n de una amplia l\u00ednea de rifles de presi\u00f3n, airguns y airsoft, posicion\u00e1ndose entre las principales marcas de Brasil.<\/p>\n<p>La <strong>Rossi Dione Gen 3 es una carabina<\/strong> que ha marcado presencia entre los aficionados al tiro deportivo, destacando por su equilibrio entre potencia, precisi\u00f3n y accesibilidad. Esta generaci\u00f3n est\u00e1 dise\u00f1ada para ofrecer un rendimiento confiable tanto en tiro recreativo como en uso en campo.<\/p>\n<p>Pensada para tiradores que buscan una carabina completa, la <strong>Dione Gen 3 incorpora tecnolog\u00eda Gas Piston<\/strong>, lo que se traduce en menor vibraci\u00f3n, mayor vida \u00fatil y disparos m\u00e1s suaves en comparaci\u00f3n con sistemas tradicionales de resorte.<\/p>\n<p>Si buscas una carabina vers\u00e1til, potente y a un precio competitivo, la <strong>ROSSI AIRGUNS NEW DIONE GEN 3 5.5 mm GAS PISTON\u00a0<\/strong>es una excelente opci\u00f3n.<\/p>\n<table style=\"border-collapse: collapse; width: 100%;\">\n<tbody>\n<tr>\n<th style=\"border: 1px solid #000; padding: 8px;\">Caracter\u00edstica<\/th>\n<th style=\"border: 1px solid #000; padding: 8px;\">Detalle<\/th>\n<\/tr>\n<tr>\n<td style=\"border: 1px solid #000; padding: 8px;\">Arma de acci\u00f3n<\/td>\n<td style=\"border: 1px solid #000; padding: 8px;\">Super Spring Spring<\/td>\n<\/tr>\n<tr>\n<td style=\"border: 1px solid #000; padding: 8px;\">Velocidad<\/td>\n<td style=\"border: 1px solid #000; padding: 8px;\">240 m\/s, categor\u00eda magnum<\/td>\n<\/tr>\n<tr>\n<td style=\"border: 1px solid #000; padding: 8px;\">Potencia y velocidad<\/td>\n<td style=\"border: 1px solid #000; padding: 8px;\">Carabina m\u00e1s potente de su categor\u00eda<\/td>\n<\/tr>\n<tr>\n<td style=\"border: 1px solid #000; padding: 8px;\">Sistema anti-tiro<\/td>\n<td style=\"border: 1px solid #000; padding: 8px;\">Con el ca\u00f1\u00f3n abierto<\/td>\n<\/tr>\n<tr>\n<td style=\"border: 1px solid #000; padding: 8px;\">Bloqueo de seguridad<\/td>\n<td style=\"border: 1px solid #000; padding: 8px;\">Manual<\/td>\n<\/tr>\n<tr>\n<td style=\"border: 1px solid #000; padding: 8px;\">Culata<\/td>\n<td style=\"border: 1px solid #000; padding: 8px;\">Montecarlo sint\u00e9tica ambidiestra con suela de goma<\/td>\n<\/tr>\n<tr>\n<td style=\"border: 1px solid #000; padding: 8px;\">Conjunto Mecanismo \/ Barril<\/td>\n<td style=\"border: 1px solid #000; padding: 8px;\">100% acero microrayado<\/td>\n<\/tr>\n<tr>\n<td style=\"border: 1px solid #000; padding: 8px;\">Mira<\/td>\n<td style=\"border: 1px solid #000; padding: 8px;\">Conjunto de fibra \u00f3ptica Truglo, punto de mira ajustable y masa fija<\/td>\n<\/tr>\n<tr>\n<td style=\"border: 1px solid #000; padding: 8px;\">Riel<\/td>\n<td style=\"border: 1px solid #000; padding: 8px;\">11 mm con bloqueo para Scope o RED DOT<\/td>\n<\/tr>\n<tr>\n<td style=\"border: 1px solid #000; padding: 8px;\">Porta plomo<\/td>\n<td style=\"border: 1px solid #000; padding: 8px;\">En el mango<\/td>\n<\/tr>\n<tr>\n<td style=\"border: 1px solid #000; padding: 8px;\">Zarelho<\/td>\n<td style=\"border: 1px solid #000; padding: 8px;\">Para bandolera<\/td>\n<\/tr>\n<\/tbody>\n<\/table>\n<p><strong><span style=\"font-size: 18px;\"><br \/>\nCaracter\u00edsticas principales:<\/span><\/strong><\/p>\n<table style=\"border-collapse: collapse; width: 100%;\">\n<tbody>\n<tr>\n<th style=\"border: 1px solid #000; padding: 8px; text-align: left;\">Caracter\u00edstica<\/th>\n<th style=\"border: 1px solid #000; padding: 8px; text-align: left;\">Detalle<\/th>\n<\/tr>\n<tr>\n<td style=\"border: 1px solid #000; padding: 8px;\">Modelo<\/td>\n<td style=\"border: 1px solid #000; padding: 8px;\">Nova Dione Gen3<\/td>\n<\/tr>\n<tr>\n<td style=\"border: 1px solid #000; padding: 8px;\">Calibre<\/td>\n<td style=\"border: 1px solid #000; padding: 8px;\">5,5 mm \/ .22<\/td>\n<\/tr>\n<tr>\n<td style=\"border: 1px solid #000; padding: 8px;\">Acci\u00f3n<\/td>\n<td style=\"border: 1px solid #000; padding: 8px;\">Mec\u00e1nica de resorte de resorte<\/td>\n<\/tr>\n<tr>\n<td style=\"border: 1px solid #000; padding: 8px;\">Culata<\/td>\n<td style=\"border: 1px solid #000; padding: 8px;\">Pol\u00edmero negro, ambidiestra, tipo Montecarlo y suela de goma<\/td>\n<\/tr>\n<tr>\n<td style=\"border: 1px solid #000; padding: 8px;\">Acabado<\/td>\n<td style=\"border: 1px solid #000; padding: 8px;\">Oxidado<\/td>\n<\/tr>\n<tr>\n<td style=\"border: 1px solid #000; padding: 8px;\">Ca\u00f1\u00f3n de acero microestriado<\/td>\n<td style=\"border: 1px solid #000; padding: 8px;\">450 mm<\/td>\n<\/tr>\n<tr>\n<td style=\"border: 1px solid #000; padding: 8px;\">Bloqueo de seguridad<\/td>\n<td style=\"border: 1px solid #000; padding: 8px;\">Manual<\/td>\n<\/tr>\n<tr>\n<td style=\"border: 1px solid #000; padding: 8px;\">Zarelho para honda<\/td>\n<td style=\"border: 1px solid #000; padding: 8px;\">No incluido con honda<\/td>\n<\/tr>\n<tr>\n<td style=\"border: 1px solid #000; padding: 8px;\">Longitud<\/td>\n<td style=\"border: 1px solid #000; padding: 8px;\">1135 mm<\/td>\n<\/tr>\n<tr>\n<td style=\"border: 1px solid #000; padding: 8px;\">Peso<\/td>\n<td style=\"border: 1px solid #000; padding: 8px;\">2,7 kg<\/td>\n<\/tr>\n<tr>\n<td style=\"border: 1px solid #000; padding: 8px;\">Velocidad<\/td>\n<td style=\"border: 1px solid #000; padding: 8px;\">240 m\/s (puede variar seg\u00fan el bal\u00edn utilizado)<\/td>\n<\/tr>\n<tr>\n<td style=\"border: 1px solid #000; padding: 8px;\">Carril para visores<\/td>\n<td style=\"border: 1px solid #000; padding: 8px;\">S\u00ed, 11 mm<\/td>\n<\/tr>\n<\/tbody>\n<\/table>\n<p>&nbsp;<\/p>\n<p>\u2022 Rifle con resorte<\/p>\n<p>\u2022 Sistema anti gatillo con ca\u00f1\u00f3n abierto<\/p>\n<p>\u2022 Correa de punter\u00eda con ajuste vertical y horizontal<\/p>\n<p>\u2022 Juego de mira abierta TRUGLO con fibra \u00f3ptica<\/p>\n<p>\u2022 Bloqueo de seguridad manual.<\/p>\n<p>\u2022 Moleteado, ambidiestro tipo Monte Carlo con alf\u00e9izar de goma.<\/p>\n","protected":false},"excerpt":{"rendered":"<p>Rossi Airguns Airsoft\u00a0es una empresa fabricante, importadora y distribuidora de accesorios, art\u00edculos para tiro deportivo, armas de fuego y armas de presi\u00f3n, con sede en la ciudad de S\u00e3o Leopoldo, en el estado de Rio Grande do Sul, fundada en&#8230;<\/p>\n","protected":false},"featured_media":3628,"template":"","meta":{"_acf_changed":false},"product_brand":[132],"product_cat":[26,17,28],"product_tag":[],"class_list":{"0":"post-939","1":"product","2":"type-product","3":"status-publish","4":"has-post-thumbnail","6":"product_brand-rossi","7":"product_cat-aire-comprimido","8":"product_cat-general","9":"product_cat-rifles","11":"first","12":"outofstock","13":"taxable","14":"shipping-taxable","15":"purchasable","16":"product-type-simple"},"acf":[],"yoast_head":"<!-- This site is optimized with the Yoast SEO plugin v27.2 - https:\/\/yoast.com\/product\/yoast-seo-wordpress\/ -->\n<title>Rifle cal 5.5 mm Nitro Piston Marca Rossi modelo New Dione Gen3 - Importadora MC<\/title>\n<meta name=\"robots\" content=\"index, follow, max-snippet:-1, max-image-preview:large, max-video-preview:-1\" \/>\n<link rel=\"canonical\" href=\"https:\/\/importadoramc.cl\/distribucion\/producto\/rifle-cal-5-5-mm-nitro-piston-marca-rossi-modelo-new-dione-gen3\/\" \/>\n<meta property=\"og:locale\" content=\"es_ES\" \/>\n<meta property=\"og:type\" content=\"article\" \/>\n<meta property=\"og:title\" content=\"Rifle cal 5.5 mm Nitro Piston Marca Rossi modelo New Dione Gen3 - Importadora MC\" \/>\n<meta property=\"og:description\" content=\"Rossi Airguns Airsoft\u00a0es una empresa fabricante, importadora y distribuidora de accesorios, art\u00edculos para tiro deportivo, armas de fuego y armas de presi\u00f3n, con sede en la ciudad de S\u00e3o Leopoldo, en el estado de Rio Grande do Sul, fundada en...\" \/>\n<meta property=\"og:url\" content=\"https:\/\/importadoramc.cl\/distribucion\/producto\/rifle-cal-5-5-mm-nitro-piston-marca-rossi-modelo-new-dione-gen3\/\" \/>\n<meta property=\"og:site_name\" content=\"Importadora MC\" \/>\n<meta property=\"article:modified_time\" content=\"2026-04-15T17:20:28+00:00\" \/>\n<meta property=\"og:image\" content=\"https:\/\/importadoramc.cl\/distribucion\/wp-content\/uploads\/2025\/02\/X_new-dione-gen-3-5545-mm7326.jpg\" \/>\n\t<meta property=\"og:image:width\" content=\"800\" \/>\n\t<meta property=\"og:image:height\" content=\"800\" \/>\n\t<meta property=\"og:image:type\" content=\"image\/jpeg\" \/>\n<meta name=\"twitter:card\" content=\"summary_large_image\" \/>\n<meta name=\"twitter:label1\" content=\"Tiempo estimado de lectura\" \/>\n\t<meta name=\"twitter:data1\" content=\"2 minutos\" \/>\n<script type=\"application\/ld+json\" class=\"yoast-schema-graph\">{\"@context\":\"https:\/\/schema.org\",\"@graph\":[{\"@type\":\"WebPage\",\"@id\":\"https:\/\/importadoramc.cl\/distribucion\/producto\/rifle-cal-5-5-mm-nitro-piston-marca-rossi-modelo-new-dione-gen3\/\",\"url\":\"https:\/\/importadoramc.cl\/distribucion\/producto\/rifle-cal-5-5-mm-nitro-piston-marca-rossi-modelo-new-dione-gen3\/\",\"name\":\"Rifle cal 5.5 mm Nitro Piston Marca Rossi modelo New Dione Gen3 - Importadora MC\",\"isPartOf\":{\"@id\":\"https:\/\/importadoramc.cl\/distribucion\/#website\"},\"primaryImageOfPage\":{\"@id\":\"https:\/\/importadoramc.cl\/distribucion\/producto\/rifle-cal-5-5-mm-nitro-piston-marca-rossi-modelo-new-dione-gen3\/#primaryimage\"},\"image\":{\"@id\":\"https:\/\/importadoramc.cl\/distribucion\/producto\/rifle-cal-5-5-mm-nitro-piston-marca-rossi-modelo-new-dione-gen3\/#primaryimage\"},\"thumbnailUrl\":\"https:\/\/importadoramc.cl\/distribucion\/wp-content\/uploads\/2025\/02\/X_new-dione-gen-3-5545-mm7326.jpg\",\"datePublished\":\"2025-02-25T17:43:22+00:00\",\"dateModified\":\"2026-04-15T17:20:28+00:00\",\"breadcrumb\":{\"@id\":\"https:\/\/importadoramc.cl\/distribucion\/producto\/rifle-cal-5-5-mm-nitro-piston-marca-rossi-modelo-new-dione-gen3\/#breadcrumb\"},\"inLanguage\":\"es-CL\",\"potentialAction\":[{\"@type\":\"ReadAction\",\"target\":[\"https:\/\/importadoramc.cl\/distribucion\/producto\/rifle-cal-5-5-mm-nitro-piston-marca-rossi-modelo-new-dione-gen3\/\"]}]},{\"@type\":\"ImageObject\",\"inLanguage\":\"es-CL\",\"@id\":\"https:\/\/importadoramc.cl\/distribucion\/producto\/rifle-cal-5-5-mm-nitro-piston-marca-rossi-modelo-new-dione-gen3\/#primaryimage\",\"url\":\"https:\/\/importadoramc.cl\/distribucion\/wp-content\/uploads\/2025\/02\/X_new-dione-gen-3-5545-mm7326.jpg\",\"contentUrl\":\"https:\/\/importadoramc.cl\/distribucion\/wp-content\/uploads\/2025\/02\/X_new-dione-gen-3-5545-mm7326.jpg\",\"width\":800,\"height\":800},{\"@type\":\"BreadcrumbList\",\"@id\":\"https:\/\/importadoramc.cl\/distribucion\/producto\/rifle-cal-5-5-mm-nitro-piston-marca-rossi-modelo-new-dione-gen3\/#breadcrumb\",\"itemListElement\":[{\"@type\":\"ListItem\",\"position\":1,\"name\":\"Portada\",\"item\":\"https:\/\/importadoramc.cl\/distribucion\/\"},{\"@type\":\"ListItem\",\"position\":2,\"name\":\"Productos\",\"item\":\"https:\/\/importadoramc.cl\/distribucion\/productos\/\"},{\"@type\":\"ListItem\",\"position\":3,\"name\":\"Rifle cal 5.5 mm Nitro Piston Marca Rossi modelo New Dione Gen3\"}]},{\"@type\":\"WebSite\",\"@id\":\"https:\/\/importadoramc.cl\/distribucion\/#website\",\"url\":\"https:\/\/importadoramc.cl\/distribucion\/\",\"name\":\"Importadora MC\",\"description\":\"\",\"publisher\":{\"@id\":\"https:\/\/importadoramc.cl\/distribucion\/#organization\"},\"potentialAction\":[{\"@type\":\"SearchAction\",\"target\":{\"@type\":\"EntryPoint\",\"urlTemplate\":\"https:\/\/importadoramc.cl\/distribucion\/?s={search_term_string}\"},\"query-input\":{\"@type\":\"PropertyValueSpecification\",\"valueRequired\":true,\"valueName\":\"search_term_string\"}}],\"inLanguage\":\"es-CL\"},{\"@type\":\"Organization\",\"@id\":\"https:\/\/importadoramc.cl\/distribucion\/#organization\",\"name\":\"Importadora MC\",\"url\":\"https:\/\/importadoramc.cl\/distribucion\/\",\"logo\":{\"@type\":\"ImageObject\",\"inLanguage\":\"es-CL\",\"@id\":\"https:\/\/importadoramc.cl\/distribucion\/#\/schema\/logo\/image\/\",\"url\":\"https:\/\/importadoramc.cl\/distribucion\/wp-content\/uploads\/2025\/04\/VECTORIZACION-DE-LOGO-IMPORTADORA-1.jpg\",\"contentUrl\":\"https:\/\/importadoramc.cl\/distribucion\/wp-content\/uploads\/2025\/04\/VECTORIZACION-DE-LOGO-IMPORTADORA-1.jpg\",\"width\":2559,\"height\":2513,\"caption\":\"Importadora MC\"},\"image\":{\"@id\":\"https:\/\/importadoramc.cl\/distribucion\/#\/schema\/logo\/image\/\"},\"sameAs\":[\"https:\/\/www.linkedin.com\/company\/importadora-mc-cl\/\"]}]}<\/script>\n<!-- \/ Yoast SEO plugin. -->","yoast_head_json":{"title":"Rifle cal 5.5 mm Nitro Piston Marca Rossi modelo New Dione Gen3 - Importadora MC","robots":{"index":"index","follow":"follow","max-snippet":"max-snippet:-1","max-image-preview":"max-image-preview:large","max-video-preview":"max-video-preview:-1"},"canonical":"https:\/\/importadoramc.cl\/distribucion\/producto\/rifle-cal-5-5-mm-nitro-piston-marca-rossi-modelo-new-dione-gen3\/","og_locale":"es_ES","og_type":"article","og_title":"Rifle cal 5.5 mm Nitro Piston Marca Rossi modelo New Dione Gen3 - Importadora MC","og_description":"Rossi Airguns Airsoft\u00a0es una empresa fabricante, importadora y distribuidora de accesorios, art\u00edculos para tiro deportivo, armas de fuego y armas de presi\u00f3n, con sede en la ciudad de S\u00e3o Leopoldo, en el estado de Rio Grande do Sul, fundada en...","og_url":"https:\/\/importadoramc.cl\/distribucion\/producto\/rifle-cal-5-5-mm-nitro-piston-marca-rossi-modelo-new-dione-gen3\/","og_site_name":"Importadora MC","article_modified_time":"2026-04-15T17:20:28+00:00","og_image":[{"width":800,"height":800,"url":"https:\/\/importadoramc.cl\/distribucion\/wp-content\/uploads\/2025\/02\/X_new-dione-gen-3-5545-mm7326.jpg","type":"image\/jpeg"}],"twitter_card":"summary_large_image","twitter_misc":{"Tiempo estimado de lectura":"2 minutos"},"schema":{"@context":"https:\/\/schema.org","@graph":[{"@type":"WebPage","@id":"https:\/\/importadoramc.cl\/distribucion\/producto\/rifle-cal-5-5-mm-nitro-piston-marca-rossi-modelo-new-dione-gen3\/","url":"https:\/\/importadoramc.cl\/distribucion\/producto\/rifle-cal-5-5-mm-nitro-piston-marca-rossi-modelo-new-dione-gen3\/","name":"Rifle cal 5.5 mm Nitro Piston Marca Rossi modelo New Dione Gen3 - Importadora MC","isPartOf":{"@id":"https:\/\/importadoramc.cl\/distribucion\/#website"},"primaryImageOfPage":{"@id":"https:\/\/importadoramc.cl\/distribucion\/producto\/rifle-cal-5-5-mm-nitro-piston-marca-rossi-modelo-new-dione-gen3\/#primaryimage"},"image":{"@id":"https:\/\/importadoramc.cl\/distribucion\/producto\/rifle-cal-5-5-mm-nitro-piston-marca-rossi-modelo-new-dione-gen3\/#primaryimage"},"thumbnailUrl":"https:\/\/importadoramc.cl\/distribucion\/wp-content\/uploads\/2025\/02\/X_new-dione-gen-3-5545-mm7326.jpg","datePublished":"2025-02-25T17:43:22+00:00","dateModified":"2026-04-15T17:20:28+00:00","breadcrumb":{"@id":"https:\/\/importadoramc.cl\/distribucion\/producto\/rifle-cal-5-5-mm-nitro-piston-marca-rossi-modelo-new-dione-gen3\/#breadcrumb"},"inLanguage":"es-CL","potentialAction":[{"@type":"ReadAction","target":["https:\/\/importadoramc.cl\/distribucion\/producto\/rifle-cal-5-5-mm-nitro-piston-marca-rossi-modelo-new-dione-gen3\/"]}]},{"@type":"ImageObject","inLanguage":"es-CL","@id":"https:\/\/importadoramc.cl\/distribucion\/producto\/rifle-cal-5-5-mm-nitro-piston-marca-rossi-modelo-new-dione-gen3\/#primaryimage","url":"https:\/\/importadoramc.cl\/distribucion\/wp-content\/uploads\/2025\/02\/X_new-dione-gen-3-5545-mm7326.jpg","contentUrl":"https:\/\/importadoramc.cl\/distribucion\/wp-content\/uploads\/2025\/02\/X_new-dione-gen-3-5545-mm7326.jpg","width":800,"height":800},{"@type":"BreadcrumbList","@id":"https:\/\/importadoramc.cl\/distribucion\/producto\/rifle-cal-5-5-mm-nitro-piston-marca-rossi-modelo-new-dione-gen3\/#breadcrumb","itemListElement":[{"@type":"ListItem","position":1,"name":"Portada","item":"https:\/\/importadoramc.cl\/distribucion\/"},{"@type":"ListItem","position":2,"name":"Productos","item":"https:\/\/importadoramc.cl\/distribucion\/productos\/"},{"@type":"ListItem","position":3,"name":"Rifle cal 5.5 mm Nitro Piston Marca Rossi modelo New Dione Gen3"}]},{"@type":"WebSite","@id":"https:\/\/importadoramc.cl\/distribucion\/#website","url":"https:\/\/importadoramc.cl\/distribucion\/","name":"Importadora MC","description":"","publisher":{"@id":"https:\/\/importadoramc.cl\/distribucion\/#organization"},"potentialAction":[{"@type":"SearchAction","target":{"@type":"EntryPoint","urlTemplate":"https:\/\/importadoramc.cl\/distribucion\/?s={search_term_string}"},"query-input":{"@type":"PropertyValueSpecification","valueRequired":true,"valueName":"search_term_string"}}],"inLanguage":"es-CL"},{"@type":"Organization","@id":"https:\/\/importadoramc.cl\/distribucion\/#organization","name":"Importadora MC","url":"https:\/\/importadoramc.cl\/distribucion\/","logo":{"@type":"ImageObject","inLanguage":"es-CL","@id":"https:\/\/importadoramc.cl\/distribucion\/#\/schema\/logo\/image\/","url":"https:\/\/importadoramc.cl\/distribucion\/wp-content\/uploads\/2025\/04\/VECTORIZACION-DE-LOGO-IMPORTADORA-1.jpg","contentUrl":"https:\/\/importadoramc.cl\/distribucion\/wp-content\/uploads\/2025\/04\/VECTORIZACION-DE-LOGO-IMPORTADORA-1.jpg","width":2559,"height":2513,"caption":"Importadora MC"},"image":{"@id":"https:\/\/importadoramc.cl\/distribucion\/#\/schema\/logo\/image\/"},"sameAs":["https:\/\/www.linkedin.com\/company\/importadora-mc-cl\/"]}]}},"_links":{"self":[{"href":"https:\/\/importadoramc.cl\/distribucion\/wp-json\/wp\/v2\/product\/939","targetHints":{"allow":["GET"]}}],"collection":[{"href":"https:\/\/importadoramc.cl\/distribucion\/wp-json\/wp\/v2\/product"}],"about":[{"href":"https:\/\/importadoramc.cl\/distribucion\/wp-json\/wp\/v2\/types\/product"}],"wp:featuredmedia":[{"embeddable":true,"href":"https:\/\/importadoramc.cl\/distribucion\/wp-json\/wp\/v2\/media\/3628"}],"wp:attachment":[{"href":"https:\/\/importadoramc.cl\/distribucion\/wp-json\/wp\/v2\/media?parent=939"}],"wp:term":[{"taxonomy":"product_brand","embeddable":true,"href":"https:\/\/importadoramc.cl\/distribucion\/wp-json\/wp\/v2\/product_brand?post=939"},{"taxonomy":"product_cat","embeddable":true,"href":"https:\/\/importadoramc.cl\/distribucion\/wp-json\/wp\/v2\/product_cat?post=939"},{"taxonomy":"product_tag","embeddable":true,"href":"https:\/\/importadoramc.cl\/distribucion\/wp-json\/wp\/v2\/product_tag?post=939"}],"curies":[{"name":"wp","href":"https:\/\/api.w.org\/{rel}","templated":true}]}}