{"id":6732,"date":"2026-01-14T17:48:24","date_gmt":"2026-01-14T20:48:24","guid":{"rendered":"https:\/\/importadoramc.cl\/distribucion\/?post_type=product&#038;p=6732"},"modified":"2026-03-30T10:28:22","modified_gmt":"2026-03-30T13:28:22","slug":"online-cargador-9-mm-glock-33-rd","status":"publish","type":"product","link":"https:\/\/importadoramc.cl\/distribucion\/producto\/online-cargador-9-mm-glock-33-rd\/","title":{"rendered":"Cargador 9 mm Glock 33 rds"},"content":{"rendered":"<p>Cada cargador est\u00e1 construido con un inserto de acero endurecido, encapsulado en pol\u00edmero de alta tecnolog\u00eda, lo que protege contra golpes y evita deformaciones incluso tras ca\u00eddas desde gran altura.<\/p>\n<p>El resorte y el seguidor de alta calidad aseguran una alimentaci\u00f3n constante desde la primera ronda \u2014con el resorte completamente comprimido\u2014 hasta el \u00faltimo disparo.<br data-start=\"663\" data-end=\"666\" \/>Su cuerpo de doble corte es compatible con la captura de cargador reversible en pistolas Gen4 de GLOCK.<\/p>\n<p><strong>Compatible<\/strong> con los siguientes modelos:<\/p>\n<ul data-end=\"932\" data-start=\"875\">\n<li data-end=\"882\" data-start=\"875\">G17<\/li>\n<li data-end=\"891\" data-start=\"883\">G17L<\/li>\n<li data-end=\"899\" data-start=\"892\">G19<\/li>\n<li data-end=\"908\" data-start=\"900\">G19X<\/li>\n<li data-end=\"916\" data-start=\"909\">G26<\/li>\n<li data-end=\"924\" data-start=\"917\">G34<\/li>\n<li data-end=\"932\" data-start=\"925\">G45<\/li>\n<\/ul>\n","protected":false},"excerpt":{"rendered":"<p>Cada cargador est\u00e1 construido con un inserto de acero endurecido, encapsulado en pol\u00edmero de alta tecnolog\u00eda, lo que protege contra golpes y evita deformaciones incluso tras ca\u00eddas desde gran altura. El resorte y el seguidor de alta calidad aseguran una&#8230;<\/p>\n","protected":false},"featured_media":6760,"template":"","meta":{"_acf_changed":false},"product_brand":[34],"product_cat":[44,48,17,168],"product_tag":[],"class_list":{"0":"post-6732","1":"product","2":"type-product","3":"status-publish","4":"has-post-thumbnail","6":"product_brand-glock","7":"product_cat-armas-de-fuego","8":"product_cat-cargadores-armas-de-fuego","9":"product_cat-general","10":"product_cat-promociones-2026","12":"first","13":"outofstock","14":"featured","15":"taxable","16":"shipping-taxable","17":"purchasable","18":"product-type-simple"},"acf":[],"yoast_head":"<!-- This site is optimized with the Yoast SEO plugin v27.2 - https:\/\/yoast.com\/product\/yoast-seo-wordpress\/ -->\n<title>Cargador 9 mm Glock 33 rds - Importadora MC<\/title>\n<meta name=\"description\" content=\"Cargador Glock para los modelos G17, G17L, G19, G19X, G26, G34, G45, \u00bfbuscas precisi\u00f3n? Armer\u00eda Tarapac\u00e1\" \/>\n<meta name=\"robots\" content=\"index, follow, max-snippet:-1, max-image-preview:large, max-video-preview:-1\" \/>\n<link rel=\"canonical\" href=\"https:\/\/importadoramc.cl\/distribucion\/producto\/online-cargador-9-mm-glock-33-rd\/\" \/>\n<meta property=\"og:locale\" content=\"es_ES\" \/>\n<meta property=\"og:type\" content=\"article\" \/>\n<meta property=\"og:title\" content=\"Cargador 9 mm Glock 33 rds - Importadora MC\" \/>\n<meta property=\"og:description\" content=\"Cargador Glock para los modelos G17, G17L, G19, G19X, G26, G34, G45, \u00bfbuscas precisi\u00f3n? Armer\u00eda Tarapac\u00e1\" \/>\n<meta property=\"og:url\" content=\"https:\/\/importadoramc.cl\/distribucion\/producto\/online-cargador-9-mm-glock-33-rd\/\" \/>\n<meta property=\"og:site_name\" content=\"Importadora MC\" \/>\n<meta property=\"article:modified_time\" content=\"2026-03-30T13:28:22+00:00\" \/>\n<meta property=\"og:image\" content=\"https:\/\/importadoramc.cl\/distribucion\/wp-content\/uploads\/2026\/01\/Glock-importadora-MC-x-unidad.png\" \/>\n\t<meta property=\"og:image:width\" content=\"1000\" \/>\n\t<meta property=\"og:image:height\" content=\"1000\" \/>\n\t<meta property=\"og:image:type\" content=\"image\/png\" \/>\n<meta name=\"twitter:card\" content=\"summary_large_image\" \/>\n<meta name=\"twitter:label1\" content=\"Tiempo estimado de lectura\" \/>\n\t<meta name=\"twitter:data1\" content=\"1 minuto\" \/>\n<script type=\"application\/ld+json\" class=\"yoast-schema-graph\">{\"@context\":\"https:\/\/schema.org\",\"@graph\":[{\"@type\":\"WebPage\",\"@id\":\"https:\/\/importadoramc.cl\/distribucion\/producto\/online-cargador-9-mm-glock-33-rd\/\",\"url\":\"https:\/\/importadoramc.cl\/distribucion\/producto\/online-cargador-9-mm-glock-33-rd\/\",\"name\":\"Cargador 9 mm Glock 33 rds - Importadora MC\",\"isPartOf\":{\"@id\":\"https:\/\/importadoramc.cl\/distribucion\/#website\"},\"primaryImageOfPage\":{\"@id\":\"https:\/\/importadoramc.cl\/distribucion\/producto\/online-cargador-9-mm-glock-33-rd\/#primaryimage\"},\"image\":{\"@id\":\"https:\/\/importadoramc.cl\/distribucion\/producto\/online-cargador-9-mm-glock-33-rd\/#primaryimage\"},\"thumbnailUrl\":\"https:\/\/importadoramc.cl\/distribucion\/wp-content\/uploads\/2026\/01\/Glock-importadora-MC-x-unidad.png\",\"datePublished\":\"2026-01-14T20:48:24+00:00\",\"dateModified\":\"2026-03-30T13:28:22+00:00\",\"description\":\"Cargador Glock para los modelos G17, G17L, G19, G19X, G26, G34, G45, \u00bfbuscas precisi\u00f3n? Armer\u00eda Tarapac\u00e1\",\"breadcrumb\":{\"@id\":\"https:\/\/importadoramc.cl\/distribucion\/producto\/online-cargador-9-mm-glock-33-rd\/#breadcrumb\"},\"inLanguage\":\"es-CL\",\"potentialAction\":[{\"@type\":\"ReadAction\",\"target\":[\"https:\/\/importadoramc.cl\/distribucion\/producto\/online-cargador-9-mm-glock-33-rd\/\"]}]},{\"@type\":\"ImageObject\",\"inLanguage\":\"es-CL\",\"@id\":\"https:\/\/importadoramc.cl\/distribucion\/producto\/online-cargador-9-mm-glock-33-rd\/#primaryimage\",\"url\":\"https:\/\/importadoramc.cl\/distribucion\/wp-content\/uploads\/2026\/01\/Glock-importadora-MC-x-unidad.png\",\"contentUrl\":\"https:\/\/importadoramc.cl\/distribucion\/wp-content\/uploads\/2026\/01\/Glock-importadora-MC-x-unidad.png\",\"width\":1000,\"height\":1000},{\"@type\":\"BreadcrumbList\",\"@id\":\"https:\/\/importadoramc.cl\/distribucion\/producto\/online-cargador-9-mm-glock-33-rd\/#breadcrumb\",\"itemListElement\":[{\"@type\":\"ListItem\",\"position\":1,\"name\":\"Portada\",\"item\":\"https:\/\/importadoramc.cl\/distribucion\/\"},{\"@type\":\"ListItem\",\"position\":2,\"name\":\"Productos\",\"item\":\"https:\/\/importadoramc.cl\/distribucion\/productos\/\"},{\"@type\":\"ListItem\",\"position\":3,\"name\":\"Cargador 9 mm Glock 33 rds\"}]},{\"@type\":\"WebSite\",\"@id\":\"https:\/\/importadoramc.cl\/distribucion\/#website\",\"url\":\"https:\/\/importadoramc.cl\/distribucion\/\",\"name\":\"Importadora MC\",\"description\":\"\",\"publisher\":{\"@id\":\"https:\/\/importadoramc.cl\/distribucion\/#organization\"},\"potentialAction\":[{\"@type\":\"SearchAction\",\"target\":{\"@type\":\"EntryPoint\",\"urlTemplate\":\"https:\/\/importadoramc.cl\/distribucion\/?s={search_term_string}\"},\"query-input\":{\"@type\":\"PropertyValueSpecification\",\"valueRequired\":true,\"valueName\":\"search_term_string\"}}],\"inLanguage\":\"es-CL\"},{\"@type\":\"Organization\",\"@id\":\"https:\/\/importadoramc.cl\/distribucion\/#organization\",\"name\":\"Importadora MC\",\"url\":\"https:\/\/importadoramc.cl\/distribucion\/\",\"logo\":{\"@type\":\"ImageObject\",\"inLanguage\":\"es-CL\",\"@id\":\"https:\/\/importadoramc.cl\/distribucion\/#\/schema\/logo\/image\/\",\"url\":\"https:\/\/importadoramc.cl\/distribucion\/wp-content\/uploads\/2025\/04\/VECTORIZACION-DE-LOGO-IMPORTADORA-1.jpg\",\"contentUrl\":\"https:\/\/importadoramc.cl\/distribucion\/wp-content\/uploads\/2025\/04\/VECTORIZACION-DE-LOGO-IMPORTADORA-1.jpg\",\"width\":2559,\"height\":2513,\"caption\":\"Importadora MC\"},\"image\":{\"@id\":\"https:\/\/importadoramc.cl\/distribucion\/#\/schema\/logo\/image\/\"},\"sameAs\":[\"https:\/\/www.linkedin.com\/company\/importadora-mc-cl\/\"]}]}<\/script>\n<!-- \/ Yoast SEO plugin. -->","yoast_head_json":{"title":"Cargador 9 mm Glock 33 rds - Importadora MC","description":"Cargador Glock para los modelos G17, G17L, G19, G19X, G26, G34, G45, \u00bfbuscas precisi\u00f3n? Armer\u00eda Tarapac\u00e1","robots":{"index":"index","follow":"follow","max-snippet":"max-snippet:-1","max-image-preview":"max-image-preview:large","max-video-preview":"max-video-preview:-1"},"canonical":"https:\/\/importadoramc.cl\/distribucion\/producto\/online-cargador-9-mm-glock-33-rd\/","og_locale":"es_ES","og_type":"article","og_title":"Cargador 9 mm Glock 33 rds - Importadora MC","og_description":"Cargador Glock para los modelos G17, G17L, G19, G19X, G26, G34, G45, \u00bfbuscas precisi\u00f3n? Armer\u00eda Tarapac\u00e1","og_url":"https:\/\/importadoramc.cl\/distribucion\/producto\/online-cargador-9-mm-glock-33-rd\/","og_site_name":"Importadora MC","article_modified_time":"2026-03-30T13:28:22+00:00","og_image":[{"width":1000,"height":1000,"url":"https:\/\/importadoramc.cl\/distribucion\/wp-content\/uploads\/2026\/01\/Glock-importadora-MC-x-unidad.png","type":"image\/png"}],"twitter_card":"summary_large_image","twitter_misc":{"Tiempo estimado de lectura":"1 minuto"},"schema":{"@context":"https:\/\/schema.org","@graph":[{"@type":"WebPage","@id":"https:\/\/importadoramc.cl\/distribucion\/producto\/online-cargador-9-mm-glock-33-rd\/","url":"https:\/\/importadoramc.cl\/distribucion\/producto\/online-cargador-9-mm-glock-33-rd\/","name":"Cargador 9 mm Glock 33 rds - Importadora MC","isPartOf":{"@id":"https:\/\/importadoramc.cl\/distribucion\/#website"},"primaryImageOfPage":{"@id":"https:\/\/importadoramc.cl\/distribucion\/producto\/online-cargador-9-mm-glock-33-rd\/#primaryimage"},"image":{"@id":"https:\/\/importadoramc.cl\/distribucion\/producto\/online-cargador-9-mm-glock-33-rd\/#primaryimage"},"thumbnailUrl":"https:\/\/importadoramc.cl\/distribucion\/wp-content\/uploads\/2026\/01\/Glock-importadora-MC-x-unidad.png","datePublished":"2026-01-14T20:48:24+00:00","dateModified":"2026-03-30T13:28:22+00:00","description":"Cargador Glock para los modelos G17, G17L, G19, G19X, G26, G34, G45, \u00bfbuscas precisi\u00f3n? Armer\u00eda Tarapac\u00e1","breadcrumb":{"@id":"https:\/\/importadoramc.cl\/distribucion\/producto\/online-cargador-9-mm-glock-33-rd\/#breadcrumb"},"inLanguage":"es-CL","potentialAction":[{"@type":"ReadAction","target":["https:\/\/importadoramc.cl\/distribucion\/producto\/online-cargador-9-mm-glock-33-rd\/"]}]},{"@type":"ImageObject","inLanguage":"es-CL","@id":"https:\/\/importadoramc.cl\/distribucion\/producto\/online-cargador-9-mm-glock-33-rd\/#primaryimage","url":"https:\/\/importadoramc.cl\/distribucion\/wp-content\/uploads\/2026\/01\/Glock-importadora-MC-x-unidad.png","contentUrl":"https:\/\/importadoramc.cl\/distribucion\/wp-content\/uploads\/2026\/01\/Glock-importadora-MC-x-unidad.png","width":1000,"height":1000},{"@type":"BreadcrumbList","@id":"https:\/\/importadoramc.cl\/distribucion\/producto\/online-cargador-9-mm-glock-33-rd\/#breadcrumb","itemListElement":[{"@type":"ListItem","position":1,"name":"Portada","item":"https:\/\/importadoramc.cl\/distribucion\/"},{"@type":"ListItem","position":2,"name":"Productos","item":"https:\/\/importadoramc.cl\/distribucion\/productos\/"},{"@type":"ListItem","position":3,"name":"Cargador 9 mm Glock 33 rds"}]},{"@type":"WebSite","@id":"https:\/\/importadoramc.cl\/distribucion\/#website","url":"https:\/\/importadoramc.cl\/distribucion\/","name":"Importadora MC","description":"","publisher":{"@id":"https:\/\/importadoramc.cl\/distribucion\/#organization"},"potentialAction":[{"@type":"SearchAction","target":{"@type":"EntryPoint","urlTemplate":"https:\/\/importadoramc.cl\/distribucion\/?s={search_term_string}"},"query-input":{"@type":"PropertyValueSpecification","valueRequired":true,"valueName":"search_term_string"}}],"inLanguage":"es-CL"},{"@type":"Organization","@id":"https:\/\/importadoramc.cl\/distribucion\/#organization","name":"Importadora MC","url":"https:\/\/importadoramc.cl\/distribucion\/","logo":{"@type":"ImageObject","inLanguage":"es-CL","@id":"https:\/\/importadoramc.cl\/distribucion\/#\/schema\/logo\/image\/","url":"https:\/\/importadoramc.cl\/distribucion\/wp-content\/uploads\/2025\/04\/VECTORIZACION-DE-LOGO-IMPORTADORA-1.jpg","contentUrl":"https:\/\/importadoramc.cl\/distribucion\/wp-content\/uploads\/2025\/04\/VECTORIZACION-DE-LOGO-IMPORTADORA-1.jpg","width":2559,"height":2513,"caption":"Importadora MC"},"image":{"@id":"https:\/\/importadoramc.cl\/distribucion\/#\/schema\/logo\/image\/"},"sameAs":["https:\/\/www.linkedin.com\/company\/importadora-mc-cl\/"]}]}},"_links":{"self":[{"href":"https:\/\/importadoramc.cl\/distribucion\/wp-json\/wp\/v2\/product\/6732","targetHints":{"allow":["GET"]}}],"collection":[{"href":"https:\/\/importadoramc.cl\/distribucion\/wp-json\/wp\/v2\/product"}],"about":[{"href":"https:\/\/importadoramc.cl\/distribucion\/wp-json\/wp\/v2\/types\/product"}],"wp:featuredmedia":[{"embeddable":true,"href":"https:\/\/importadoramc.cl\/distribucion\/wp-json\/wp\/v2\/media\/6760"}],"wp:attachment":[{"href":"https:\/\/importadoramc.cl\/distribucion\/wp-json\/wp\/v2\/media?parent=6732"}],"wp:term":[{"taxonomy":"product_brand","embeddable":true,"href":"https:\/\/importadoramc.cl\/distribucion\/wp-json\/wp\/v2\/product_brand?post=6732"},{"taxonomy":"product_cat","embeddable":true,"href":"https:\/\/importadoramc.cl\/distribucion\/wp-json\/wp\/v2\/product_cat?post=6732"},{"taxonomy":"product_tag","embeddable":true,"href":"https:\/\/importadoramc.cl\/distribucion\/wp-json\/wp\/v2\/product_tag?post=6732"}],"curies":[{"name":"wp","href":"https:\/\/api.w.org\/{rel}","templated":true}]}}