{"id":6518,"date":"2025-12-17T16:36:09","date_gmt":"2025-12-17T19:36:09","guid":{"rendered":"https:\/\/importadoramc.cl\/distribucion\/?post_type=product&#038;p=6518"},"modified":"2026-04-02T10:21:58","modified_gmt":"2026-04-02T13:21:58","slug":"t4e-pistola-tp-50-compact-gen2-blk-50-co2-8-gr-11-j-4r-2-4084","status":"publish","type":"product","link":"https:\/\/importadoramc.cl\/distribucion\/producto\/t4e-pistola-tp-50-compact-gen2-blk-50-co2-8-gr-11-j-4r-2-4084\/","title":{"rendered":"T4E pistola TP 50 Compact Gen2 BLK .50 CO2 8 gr &lt; 11 J 4R #2.4084"},"content":{"rendered":"<p>La versi\u00f3n compacta de la exitosa Tactical Pistol 50 ha sido optimizada en su Generaci\u00f3n 2, elevando la capacidad operativa y la seguridad de uso del marcador a un nuevo nivel. Aun as\u00ed, la TP 50 Compact Gen2 se mantiene fiel a su concepto original: combinar las prestaciones de los marcadores T4E de tama\u00f1o completo en un dise\u00f1o discreto, compacto y de bajo perfil.<\/p>\n<p>El principal avance de esta segunda generaci\u00f3n es el innovador sistema Quick-Piercing 2.0, que permite el perforado sin herramientas de la c\u00e1psula de CO\u2082 de 8 g, incorporando adem\u00e1s un sistema de liberaci\u00f3n de presi\u00f3n integrado. La c\u00e1psula puede insertarse sin ser perforada de inmediato y se activa con una ligera presi\u00f3n sobre el tornillo Quick-Piercing ubicado en la base de la empu\u00f1adura. Este sistema evita la p\u00e9rdida de presi\u00f3n durante periodos prolongados de almacenamiento. Adicionalmente, la nueva textura del grip mejora significativamente el control y la sujeci\u00f3n.<\/p>\n<p>Los bordes redondeados y su forma org\u00e1nica facilitan un desenfunde r\u00e1pido y reducen el riesgo de enganches en situaciones de estr\u00e9s. El guardamonte de gran tama\u00f1o funciona como cubierta del cargador tubular integrado con capacidad para 4 rondas.<\/p>\n<p>Compatible con\u00a0<strong>roundballs T4E calibre .50.<br \/>\n<\/strong><\/p>\n<table style=\"border-collapse: collapse; width: 100%;\">\n<tbody>\n<tr>\n<th style=\"border: 1px solid #000; padding: 8px; text-align: left;\">Dato t\u00e9cnico<\/th>\n<th style=\"border: 1px solid #000; padding: 8px; text-align: left;\">Especificaci\u00f3n<\/th>\n<\/tr>\n<tr>\n<td style=\"border: 1px solid #000; padding: 8px;\">Calibre<\/td>\n<td style=\"border: 1px solid #000; padding: 8px;\">.50<\/td>\n<\/tr>\n<tr>\n<td style=\"border: 1px solid #000; padding: 8px;\">Nivel de energ\u00eda<\/td>\n<td style=\"border: 1px solid #000; padding: 8px;\">&lt; 11,0 J<\/td>\n<\/tr>\n<tr>\n<td style=\"border: 1px solid #000; padding: 8px;\">Capacidad del cargador<\/td>\n<td style=\"border: 1px solid #000; padding: 8px;\">4 disparos<\/td>\n<\/tr>\n<tr>\n<td style=\"border: 1px solid #000; padding: 8px;\">Capacidad de disparos<\/td>\n<td style=\"border: 1px solid #000; padding: 8px;\">8 disparos<\/td>\n<\/tr>\n<tr>\n<td style=\"border: 1px solid #000; padding: 8px;\">Fuente de energ\u00eda<\/td>\n<td style=\"border: 1px solid #000; padding: 8px;\">1\u00d7 CO\u2082 de 8 g<\/td>\n<\/tr>\n<tr>\n<td style=\"border: 1px solid #000; padding: 8px;\">Gatillo<\/td>\n<td style=\"border: 1px solid #000; padding: 8px;\">Doble acci\u00f3n<\/td>\n<\/tr>\n<tr>\n<td style=\"border: 1px solid #000; padding: 8px;\">Seguro<\/td>\n<td style=\"border: 1px solid #000; padding: 8px;\">Seguro autom\u00e1tico del gatillo<\/td>\n<\/tr>\n<tr>\n<td style=\"border: 1px solid #000; padding: 8px;\">Largo<\/td>\n<td style=\"border: 1px solid #000; padding: 8px;\">183 mm<\/td>\n<\/tr>\n<tr>\n<td style=\"border: 1px solid #000; padding: 8px;\">Peso<\/td>\n<td style=\"border: 1px solid #000; padding: 8px;\">585 g<\/td>\n<\/tr>\n<\/tbody>\n<\/table>\n","protected":false},"excerpt":{"rendered":"<p>La versi\u00f3n compacta de la exitosa Tactical Pistol 50 ha sido optimizada en su Generaci\u00f3n 2, elevando la capacidad operativa y la seguridad de uso del marcador a un nuevo nivel. Aun as\u00ed, la TP 50 Compact Gen2 se mantiene&#8230;<\/p>\n","protected":false},"featured_media":6528,"template":"","meta":{"_acf_changed":false},"product_brand":[33],"product_cat":[26,116,17,139],"product_tag":[],"class_list":{"0":"post-6518","1":"product","2":"type-product","3":"status-publish","4":"has-post-thumbnail","6":"product_brand-umarex","7":"product_cat-aire-comprimido","8":"product_cat-defensa-personal","9":"product_cat-general","10":"product_cat-marcadora-no-letal","12":"first","13":"instock","14":"taxable","15":"shipping-taxable","16":"purchasable","17":"product-type-simple"},"acf":[],"yoast_head":"<!-- This site is optimized with the Yoast SEO plugin v27.2 - https:\/\/yoast.com\/product\/yoast-seo-wordpress\/ -->\n<title>T4E pistola TP 50 Compact Gen2 BLK .50 CO2 8 gr &lt; 11 J 4R #2.4084 - Importadora MC<\/title>\n<meta name=\"robots\" content=\"index, follow, max-snippet:-1, max-image-preview:large, max-video-preview:-1\" \/>\n<link rel=\"canonical\" href=\"https:\/\/importadoramc.cl\/distribucion\/producto\/t4e-pistola-tp-50-compact-gen2-blk-50-co2-8-gr-11-j-4r-2-4084\/\" \/>\n<meta property=\"og:locale\" content=\"es_ES\" \/>\n<meta property=\"og:type\" content=\"article\" \/>\n<meta property=\"og:title\" content=\"T4E pistola TP 50 Compact Gen2 BLK .50 CO2 8 gr &lt; 11 J 4R #2.4084 - Importadora MC\" \/>\n<meta property=\"og:description\" content=\"La versi\u00f3n compacta de la exitosa Tactical Pistol 50 ha sido optimizada en su Generaci\u00f3n 2, elevando la capacidad operativa y la seguridad de uso del marcador a un nuevo nivel. Aun as\u00ed, la TP 50 Compact Gen2 se mantiene...\" \/>\n<meta property=\"og:url\" content=\"https:\/\/importadoramc.cl\/distribucion\/producto\/t4e-pistola-tp-50-compact-gen2-blk-50-co2-8-gr-11-j-4r-2-4084\/\" \/>\n<meta property=\"og:site_name\" content=\"Importadora MC\" \/>\n<meta property=\"article:modified_time\" content=\"2026-04-02T13:21:58+00:00\" \/>\n<meta property=\"og:image\" content=\"https:\/\/importadoramc.cl\/distribucion\/wp-content\/uploads\/2025\/12\/T4E-TP-50-compact-gen2.png\" \/>\n\t<meta property=\"og:image:width\" content=\"2000\" \/>\n\t<meta property=\"og:image:height\" content=\"2000\" \/>\n\t<meta property=\"og:image:type\" content=\"image\/png\" \/>\n<meta name=\"twitter:card\" content=\"summary_large_image\" \/>\n<meta name=\"twitter:label1\" content=\"Tiempo estimado de lectura\" \/>\n\t<meta name=\"twitter:data1\" content=\"2 minutos\" \/>\n<script type=\"application\/ld+json\" class=\"yoast-schema-graph\">{\"@context\":\"https:\/\/schema.org\",\"@graph\":[{\"@type\":\"WebPage\",\"@id\":\"https:\/\/importadoramc.cl\/distribucion\/producto\/t4e-pistola-tp-50-compact-gen2-blk-50-co2-8-gr-11-j-4r-2-4084\/\",\"url\":\"https:\/\/importadoramc.cl\/distribucion\/producto\/t4e-pistola-tp-50-compact-gen2-blk-50-co2-8-gr-11-j-4r-2-4084\/\",\"name\":\"T4E pistola TP 50 Compact Gen2 BLK .50 CO2 8 gr &lt; 11 J 4R #2.4084 - Importadora MC\",\"isPartOf\":{\"@id\":\"https:\/\/importadoramc.cl\/distribucion\/#website\"},\"primaryImageOfPage\":{\"@id\":\"https:\/\/importadoramc.cl\/distribucion\/producto\/t4e-pistola-tp-50-compact-gen2-blk-50-co2-8-gr-11-j-4r-2-4084\/#primaryimage\"},\"image\":{\"@id\":\"https:\/\/importadoramc.cl\/distribucion\/producto\/t4e-pistola-tp-50-compact-gen2-blk-50-co2-8-gr-11-j-4r-2-4084\/#primaryimage\"},\"thumbnailUrl\":\"https:\/\/importadoramc.cl\/distribucion\/wp-content\/uploads\/2025\/12\/T4E-TP-50-compact-gen2.png\",\"datePublished\":\"2025-12-17T19:36:09+00:00\",\"dateModified\":\"2026-04-02T13:21:58+00:00\",\"breadcrumb\":{\"@id\":\"https:\/\/importadoramc.cl\/distribucion\/producto\/t4e-pistola-tp-50-compact-gen2-blk-50-co2-8-gr-11-j-4r-2-4084\/#breadcrumb\"},\"inLanguage\":\"es-CL\",\"potentialAction\":[{\"@type\":\"ReadAction\",\"target\":[\"https:\/\/importadoramc.cl\/distribucion\/producto\/t4e-pistola-tp-50-compact-gen2-blk-50-co2-8-gr-11-j-4r-2-4084\/\"]}]},{\"@type\":\"ImageObject\",\"inLanguage\":\"es-CL\",\"@id\":\"https:\/\/importadoramc.cl\/distribucion\/producto\/t4e-pistola-tp-50-compact-gen2-blk-50-co2-8-gr-11-j-4r-2-4084\/#primaryimage\",\"url\":\"https:\/\/importadoramc.cl\/distribucion\/wp-content\/uploads\/2025\/12\/T4E-TP-50-compact-gen2.png\",\"contentUrl\":\"https:\/\/importadoramc.cl\/distribucion\/wp-content\/uploads\/2025\/12\/T4E-TP-50-compact-gen2.png\",\"width\":2000,\"height\":2000},{\"@type\":\"BreadcrumbList\",\"@id\":\"https:\/\/importadoramc.cl\/distribucion\/producto\/t4e-pistola-tp-50-compact-gen2-blk-50-co2-8-gr-11-j-4r-2-4084\/#breadcrumb\",\"itemListElement\":[{\"@type\":\"ListItem\",\"position\":1,\"name\":\"Portada\",\"item\":\"https:\/\/importadoramc.cl\/distribucion\/\"},{\"@type\":\"ListItem\",\"position\":2,\"name\":\"Productos\",\"item\":\"https:\/\/importadoramc.cl\/distribucion\/productos\/\"},{\"@type\":\"ListItem\",\"position\":3,\"name\":\"T4E pistola TP 50 Compact Gen2 BLK .50 CO2 8 gr &lt; 11 J 4R #2.4084\"}]},{\"@type\":\"WebSite\",\"@id\":\"https:\/\/importadoramc.cl\/distribucion\/#website\",\"url\":\"https:\/\/importadoramc.cl\/distribucion\/\",\"name\":\"Importadora MC\",\"description\":\"\",\"publisher\":{\"@id\":\"https:\/\/importadoramc.cl\/distribucion\/#organization\"},\"potentialAction\":[{\"@type\":\"SearchAction\",\"target\":{\"@type\":\"EntryPoint\",\"urlTemplate\":\"https:\/\/importadoramc.cl\/distribucion\/?s={search_term_string}\"},\"query-input\":{\"@type\":\"PropertyValueSpecification\",\"valueRequired\":true,\"valueName\":\"search_term_string\"}}],\"inLanguage\":\"es-CL\"},{\"@type\":\"Organization\",\"@id\":\"https:\/\/importadoramc.cl\/distribucion\/#organization\",\"name\":\"Importadora MC\",\"url\":\"https:\/\/importadoramc.cl\/distribucion\/\",\"logo\":{\"@type\":\"ImageObject\",\"inLanguage\":\"es-CL\",\"@id\":\"https:\/\/importadoramc.cl\/distribucion\/#\/schema\/logo\/image\/\",\"url\":\"https:\/\/importadoramc.cl\/distribucion\/wp-content\/uploads\/2025\/04\/VECTORIZACION-DE-LOGO-IMPORTADORA-1.jpg\",\"contentUrl\":\"https:\/\/importadoramc.cl\/distribucion\/wp-content\/uploads\/2025\/04\/VECTORIZACION-DE-LOGO-IMPORTADORA-1.jpg\",\"width\":2559,\"height\":2513,\"caption\":\"Importadora MC\"},\"image\":{\"@id\":\"https:\/\/importadoramc.cl\/distribucion\/#\/schema\/logo\/image\/\"},\"sameAs\":[\"https:\/\/www.linkedin.com\/company\/importadora-mc-cl\/\"]}]}<\/script>\n<!-- \/ Yoast SEO plugin. -->","yoast_head_json":{"title":"T4E pistola TP 50 Compact Gen2 BLK .50 CO2 8 gr &lt; 11 J 4R #2.4084 - Importadora MC","robots":{"index":"index","follow":"follow","max-snippet":"max-snippet:-1","max-image-preview":"max-image-preview:large","max-video-preview":"max-video-preview:-1"},"canonical":"https:\/\/importadoramc.cl\/distribucion\/producto\/t4e-pistola-tp-50-compact-gen2-blk-50-co2-8-gr-11-j-4r-2-4084\/","og_locale":"es_ES","og_type":"article","og_title":"T4E pistola TP 50 Compact Gen2 BLK .50 CO2 8 gr &lt; 11 J 4R #2.4084 - Importadora MC","og_description":"La versi\u00f3n compacta de la exitosa Tactical Pistol 50 ha sido optimizada en su Generaci\u00f3n 2, elevando la capacidad operativa y la seguridad de uso del marcador a un nuevo nivel. Aun as\u00ed, la TP 50 Compact Gen2 se mantiene...","og_url":"https:\/\/importadoramc.cl\/distribucion\/producto\/t4e-pistola-tp-50-compact-gen2-blk-50-co2-8-gr-11-j-4r-2-4084\/","og_site_name":"Importadora MC","article_modified_time":"2026-04-02T13:21:58+00:00","og_image":[{"width":2000,"height":2000,"url":"https:\/\/importadoramc.cl\/distribucion\/wp-content\/uploads\/2025\/12\/T4E-TP-50-compact-gen2.png","type":"image\/png"}],"twitter_card":"summary_large_image","twitter_misc":{"Tiempo estimado de lectura":"2 minutos"},"schema":{"@context":"https:\/\/schema.org","@graph":[{"@type":"WebPage","@id":"https:\/\/importadoramc.cl\/distribucion\/producto\/t4e-pistola-tp-50-compact-gen2-blk-50-co2-8-gr-11-j-4r-2-4084\/","url":"https:\/\/importadoramc.cl\/distribucion\/producto\/t4e-pistola-tp-50-compact-gen2-blk-50-co2-8-gr-11-j-4r-2-4084\/","name":"T4E pistola TP 50 Compact Gen2 BLK .50 CO2 8 gr &lt; 11 J 4R #2.4084 - Importadora MC","isPartOf":{"@id":"https:\/\/importadoramc.cl\/distribucion\/#website"},"primaryImageOfPage":{"@id":"https:\/\/importadoramc.cl\/distribucion\/producto\/t4e-pistola-tp-50-compact-gen2-blk-50-co2-8-gr-11-j-4r-2-4084\/#primaryimage"},"image":{"@id":"https:\/\/importadoramc.cl\/distribucion\/producto\/t4e-pistola-tp-50-compact-gen2-blk-50-co2-8-gr-11-j-4r-2-4084\/#primaryimage"},"thumbnailUrl":"https:\/\/importadoramc.cl\/distribucion\/wp-content\/uploads\/2025\/12\/T4E-TP-50-compact-gen2.png","datePublished":"2025-12-17T19:36:09+00:00","dateModified":"2026-04-02T13:21:58+00:00","breadcrumb":{"@id":"https:\/\/importadoramc.cl\/distribucion\/producto\/t4e-pistola-tp-50-compact-gen2-blk-50-co2-8-gr-11-j-4r-2-4084\/#breadcrumb"},"inLanguage":"es-CL","potentialAction":[{"@type":"ReadAction","target":["https:\/\/importadoramc.cl\/distribucion\/producto\/t4e-pistola-tp-50-compact-gen2-blk-50-co2-8-gr-11-j-4r-2-4084\/"]}]},{"@type":"ImageObject","inLanguage":"es-CL","@id":"https:\/\/importadoramc.cl\/distribucion\/producto\/t4e-pistola-tp-50-compact-gen2-blk-50-co2-8-gr-11-j-4r-2-4084\/#primaryimage","url":"https:\/\/importadoramc.cl\/distribucion\/wp-content\/uploads\/2025\/12\/T4E-TP-50-compact-gen2.png","contentUrl":"https:\/\/importadoramc.cl\/distribucion\/wp-content\/uploads\/2025\/12\/T4E-TP-50-compact-gen2.png","width":2000,"height":2000},{"@type":"BreadcrumbList","@id":"https:\/\/importadoramc.cl\/distribucion\/producto\/t4e-pistola-tp-50-compact-gen2-blk-50-co2-8-gr-11-j-4r-2-4084\/#breadcrumb","itemListElement":[{"@type":"ListItem","position":1,"name":"Portada","item":"https:\/\/importadoramc.cl\/distribucion\/"},{"@type":"ListItem","position":2,"name":"Productos","item":"https:\/\/importadoramc.cl\/distribucion\/productos\/"},{"@type":"ListItem","position":3,"name":"T4E pistola TP 50 Compact Gen2 BLK .50 CO2 8 gr &lt; 11 J 4R #2.4084"}]},{"@type":"WebSite","@id":"https:\/\/importadoramc.cl\/distribucion\/#website","url":"https:\/\/importadoramc.cl\/distribucion\/","name":"Importadora MC","description":"","publisher":{"@id":"https:\/\/importadoramc.cl\/distribucion\/#organization"},"potentialAction":[{"@type":"SearchAction","target":{"@type":"EntryPoint","urlTemplate":"https:\/\/importadoramc.cl\/distribucion\/?s={search_term_string}"},"query-input":{"@type":"PropertyValueSpecification","valueRequired":true,"valueName":"search_term_string"}}],"inLanguage":"es-CL"},{"@type":"Organization","@id":"https:\/\/importadoramc.cl\/distribucion\/#organization","name":"Importadora MC","url":"https:\/\/importadoramc.cl\/distribucion\/","logo":{"@type":"ImageObject","inLanguage":"es-CL","@id":"https:\/\/importadoramc.cl\/distribucion\/#\/schema\/logo\/image\/","url":"https:\/\/importadoramc.cl\/distribucion\/wp-content\/uploads\/2025\/04\/VECTORIZACION-DE-LOGO-IMPORTADORA-1.jpg","contentUrl":"https:\/\/importadoramc.cl\/distribucion\/wp-content\/uploads\/2025\/04\/VECTORIZACION-DE-LOGO-IMPORTADORA-1.jpg","width":2559,"height":2513,"caption":"Importadora MC"},"image":{"@id":"https:\/\/importadoramc.cl\/distribucion\/#\/schema\/logo\/image\/"},"sameAs":["https:\/\/www.linkedin.com\/company\/importadora-mc-cl\/"]}]}},"_links":{"self":[{"href":"https:\/\/importadoramc.cl\/distribucion\/wp-json\/wp\/v2\/product\/6518","targetHints":{"allow":["GET"]}}],"collection":[{"href":"https:\/\/importadoramc.cl\/distribucion\/wp-json\/wp\/v2\/product"}],"about":[{"href":"https:\/\/importadoramc.cl\/distribucion\/wp-json\/wp\/v2\/types\/product"}],"wp:featuredmedia":[{"embeddable":true,"href":"https:\/\/importadoramc.cl\/distribucion\/wp-json\/wp\/v2\/media\/6528"}],"wp:attachment":[{"href":"https:\/\/importadoramc.cl\/distribucion\/wp-json\/wp\/v2\/media?parent=6518"}],"wp:term":[{"taxonomy":"product_brand","embeddable":true,"href":"https:\/\/importadoramc.cl\/distribucion\/wp-json\/wp\/v2\/product_brand?post=6518"},{"taxonomy":"product_cat","embeddable":true,"href":"https:\/\/importadoramc.cl\/distribucion\/wp-json\/wp\/v2\/product_cat?post=6518"},{"taxonomy":"product_tag","embeddable":true,"href":"https:\/\/importadoramc.cl\/distribucion\/wp-json\/wp\/v2\/product_tag?post=6518"}],"curies":[{"name":"wp","href":"https:\/\/api.w.org\/{rel}","templated":true}]}}