{"id":2507,"date":"2025-02-25T14:45:50","date_gmt":"2025-02-25T17:45:50","guid":{"rendered":"https:\/\/importadoramc.cl\/distribucion\/?post_type=product&#038;p=2507"},"modified":"2026-04-16T13:03:51","modified_gmt":"2026-04-16T17:03:51","slug":"t4e-escopeta-hdx-68-cal-68-40-j-co2-88g-2-4747","status":"publish","type":"product","link":"https:\/\/importadoramc.cl\/distribucion\/producto\/t4e-escopeta-hdx-68-cal-68-40-j-co2-88g-2-4747\/","title":{"rendered":"T4E Escopeta HDX 68 cal .68 40 J, CO2 88g #2.4747"},"content":{"rendered":"<p>Las situaciones extremas exigen medidas extremas. Aqu\u00ed es donde entra en juego el rifle de acci\u00f3n de bomba T4E Tactical Xtreme 68 calibre .68. Con su aspecto imponente y su impresionante sonido al cargar, demuestra que significa negocio. Los usuarios apreciar\u00e1n el manejo intuitivo. El robusto receptor de metal completo y el enorme freno de boca elevan el peso del TX 68 a m\u00e1s de 3 kg para una robustez adicional.<\/p>\n<p>Este ejemplar tiene 40 joules de energ\u00eda utilizando 1 co2 de 88g el cual seria su m\u00e1xima potencia.<\/p>\n<p>Tambi\u00e9n, gracias a su sistema de perforaci\u00f3n r\u00e1pida, el rifle se puede mantener durante meses en modo de espera con adaptador para 2 co2 (accesorio adicional) de 12g haciendo as\u00ed 22 joules de energ\u00eda, y el cual con un ligero golpe en la parte posterior de la culata es suficiente para perforar los dos cartuchos de Co2 de 12 g, y el indicador de presi\u00f3n \u00f3ptico y t\u00e1ctil mostrar\u00e1 que est\u00e1 listo para disparar.<\/p>\n<p>El cargador del tubo interno hace 16 rondas.<\/p>\n<p>Los tiradores tienen la selecci\u00f3n completa de bolas redondas T4E.<\/p>\n<p><strong>Caracter\u00edsticas<\/strong><\/p>\n<ul>\n<li data-start=\"22\" data-end=\"76\">Fuente de alimentaci\u00f3n: 1x c\u00e1psula de CO\u2082 de 88 g.<\/li>\n<li data-start=\"77\" data-end=\"115\">Acci\u00f3n del gatillo: Simple acci\u00f3n.<\/li>\n<li data-start=\"116\" data-end=\"170\">Disparos por carga\/c\u00e1psula: 70 disparos efectivos.<\/li>\n<li data-start=\"171\" data-end=\"250\">La c\u00e1psula se almacena de forma segura y es de f\u00e1cil acceso en el dep\u00f3sito.<\/li>\n<li data-start=\"251\" data-end=\"342\">Indicador visual y t\u00e1ctil de presi\u00f3n para mostrar que el arma est\u00e1 lista para disparar.<\/li>\n<li data-start=\"343\" data-end=\"431\">Riel Picatinny para la instalaci\u00f3n de accesorios seg\u00fan las preferencias del tirador.<\/li>\n<li data-start=\"432\" data-end=\"467\">Bot\u00f3n de seguridad incorporado.<\/li>\n<li data-start=\"468\" data-end=\"483\" data-is-last-node=\"\">Peso: 2850 g.<\/li>\n<\/ul>\n","protected":false},"excerpt":{"rendered":"<p>Las situaciones extremas exigen medidas extremas. Aqu\u00ed es donde entra en juego el rifle de acci\u00f3n de bomba T4E Tactical Xtreme 68 calibre .68. Con su aspecto imponente y su impresionante sonido al cargar, demuestra que significa negocio. Los usuarios&#8230;<\/p>\n","protected":false},"featured_media":6861,"template":"","meta":{"_acf_changed":false},"product_brand":[33],"product_cat":[116,17,139],"product_tag":[],"class_list":{"0":"post-2507","1":"product","2":"type-product","3":"status-publish","4":"has-post-thumbnail","6":"product_brand-umarex","7":"product_cat-defensa-personal","8":"product_cat-general","9":"product_cat-marcadora-no-letal","11":"first","12":"instock","13":"taxable","14":"shipping-taxable","15":"purchasable","16":"product-type-simple"},"acf":[],"yoast_head":"<!-- This site is optimized with the Yoast SEO plugin v27.2 - https:\/\/yoast.com\/product\/yoast-seo-wordpress\/ -->\n<title>T4E Escopeta HDX 68 cal .68 40 J, CO2 88g #2.4747 - Importadora MC<\/title>\n<meta name=\"robots\" content=\"index, follow, max-snippet:-1, max-image-preview:large, max-video-preview:-1\" \/>\n<link rel=\"canonical\" href=\"https:\/\/importadoramc.cl\/distribucion\/producto\/t4e-escopeta-hdx-68-cal-68-40-j-co2-88g-2-4747\/\" \/>\n<meta property=\"og:locale\" content=\"es_ES\" \/>\n<meta property=\"og:type\" content=\"article\" \/>\n<meta property=\"og:title\" content=\"T4E Escopeta HDX 68 cal .68 40 J, CO2 88g #2.4747 - Importadora MC\" \/>\n<meta property=\"og:description\" content=\"Las situaciones extremas exigen medidas extremas. Aqu\u00ed es donde entra en juego el rifle de acci\u00f3n de bomba T4E Tactical Xtreme 68 calibre .68. Con su aspecto imponente y su impresionante sonido al cargar, demuestra que significa negocio. Los usuarios...\" \/>\n<meta property=\"og:url\" content=\"https:\/\/importadoramc.cl\/distribucion\/producto\/t4e-escopeta-hdx-68-cal-68-40-j-co2-88g-2-4747\/\" \/>\n<meta property=\"og:site_name\" content=\"Importadora MC\" \/>\n<meta property=\"article:modified_time\" content=\"2026-04-16T17:03:51+00:00\" \/>\n<meta property=\"og:image\" content=\"https:\/\/importadoramc.cl\/distribucion\/wp-content\/uploads\/2025\/02\/X_2-4747-hdx68-persp8519.png\" \/>\n\t<meta property=\"og:image:width\" content=\"2000\" \/>\n\t<meta property=\"og:image:height\" content=\"2000\" \/>\n\t<meta property=\"og:image:type\" content=\"image\/png\" \/>\n<meta name=\"twitter:card\" content=\"summary_large_image\" \/>\n<meta name=\"twitter:label1\" content=\"Tiempo estimado de lectura\" \/>\n\t<meta name=\"twitter:data1\" content=\"2 minutos\" \/>\n<script type=\"application\/ld+json\" class=\"yoast-schema-graph\">{\"@context\":\"https:\/\/schema.org\",\"@graph\":[{\"@type\":\"WebPage\",\"@id\":\"https:\/\/importadoramc.cl\/distribucion\/producto\/t4e-escopeta-hdx-68-cal-68-40-j-co2-88g-2-4747\/\",\"url\":\"https:\/\/importadoramc.cl\/distribucion\/producto\/t4e-escopeta-hdx-68-cal-68-40-j-co2-88g-2-4747\/\",\"name\":\"T4E Escopeta HDX 68 cal .68 40 J, CO2 88g #2.4747 - Importadora MC\",\"isPartOf\":{\"@id\":\"https:\/\/importadoramc.cl\/distribucion\/#website\"},\"primaryImageOfPage\":{\"@id\":\"https:\/\/importadoramc.cl\/distribucion\/producto\/t4e-escopeta-hdx-68-cal-68-40-j-co2-88g-2-4747\/#primaryimage\"},\"image\":{\"@id\":\"https:\/\/importadoramc.cl\/distribucion\/producto\/t4e-escopeta-hdx-68-cal-68-40-j-co2-88g-2-4747\/#primaryimage\"},\"thumbnailUrl\":\"https:\/\/importadoramc.cl\/distribucion\/wp-content\/uploads\/2025\/02\/X_2-4747-hdx68-persp8519.png\",\"datePublished\":\"2025-02-25T17:45:50+00:00\",\"dateModified\":\"2026-04-16T17:03:51+00:00\",\"breadcrumb\":{\"@id\":\"https:\/\/importadoramc.cl\/distribucion\/producto\/t4e-escopeta-hdx-68-cal-68-40-j-co2-88g-2-4747\/#breadcrumb\"},\"inLanguage\":\"es-CL\",\"potentialAction\":[{\"@type\":\"ReadAction\",\"target\":[\"https:\/\/importadoramc.cl\/distribucion\/producto\/t4e-escopeta-hdx-68-cal-68-40-j-co2-88g-2-4747\/\"]}]},{\"@type\":\"ImageObject\",\"inLanguage\":\"es-CL\",\"@id\":\"https:\/\/importadoramc.cl\/distribucion\/producto\/t4e-escopeta-hdx-68-cal-68-40-j-co2-88g-2-4747\/#primaryimage\",\"url\":\"https:\/\/importadoramc.cl\/distribucion\/wp-content\/uploads\/2025\/02\/X_2-4747-hdx68-persp8519.png\",\"contentUrl\":\"https:\/\/importadoramc.cl\/distribucion\/wp-content\/uploads\/2025\/02\/X_2-4747-hdx68-persp8519.png\",\"width\":2000,\"height\":2000},{\"@type\":\"BreadcrumbList\",\"@id\":\"https:\/\/importadoramc.cl\/distribucion\/producto\/t4e-escopeta-hdx-68-cal-68-40-j-co2-88g-2-4747\/#breadcrumb\",\"itemListElement\":[{\"@type\":\"ListItem\",\"position\":1,\"name\":\"Portada\",\"item\":\"https:\/\/importadoramc.cl\/distribucion\/\"},{\"@type\":\"ListItem\",\"position\":2,\"name\":\"Productos\",\"item\":\"https:\/\/importadoramc.cl\/distribucion\/productos\/\"},{\"@type\":\"ListItem\",\"position\":3,\"name\":\"T4E Escopeta HDX 68 cal .68 40 J, CO2 88g #2.4747\"}]},{\"@type\":\"WebSite\",\"@id\":\"https:\/\/importadoramc.cl\/distribucion\/#website\",\"url\":\"https:\/\/importadoramc.cl\/distribucion\/\",\"name\":\"Importadora MC\",\"description\":\"\",\"publisher\":{\"@id\":\"https:\/\/importadoramc.cl\/distribucion\/#organization\"},\"potentialAction\":[{\"@type\":\"SearchAction\",\"target\":{\"@type\":\"EntryPoint\",\"urlTemplate\":\"https:\/\/importadoramc.cl\/distribucion\/?s={search_term_string}\"},\"query-input\":{\"@type\":\"PropertyValueSpecification\",\"valueRequired\":true,\"valueName\":\"search_term_string\"}}],\"inLanguage\":\"es-CL\"},{\"@type\":\"Organization\",\"@id\":\"https:\/\/importadoramc.cl\/distribucion\/#organization\",\"name\":\"Importadora MC\",\"url\":\"https:\/\/importadoramc.cl\/distribucion\/\",\"logo\":{\"@type\":\"ImageObject\",\"inLanguage\":\"es-CL\",\"@id\":\"https:\/\/importadoramc.cl\/distribucion\/#\/schema\/logo\/image\/\",\"url\":\"https:\/\/importadoramc.cl\/distribucion\/wp-content\/uploads\/2025\/04\/VECTORIZACION-DE-LOGO-IMPORTADORA-1.jpg\",\"contentUrl\":\"https:\/\/importadoramc.cl\/distribucion\/wp-content\/uploads\/2025\/04\/VECTORIZACION-DE-LOGO-IMPORTADORA-1.jpg\",\"width\":2559,\"height\":2513,\"caption\":\"Importadora MC\"},\"image\":{\"@id\":\"https:\/\/importadoramc.cl\/distribucion\/#\/schema\/logo\/image\/\"},\"sameAs\":[\"https:\/\/www.linkedin.com\/company\/importadora-mc-cl\/\"]}]}<\/script>\n<!-- \/ Yoast SEO plugin. -->","yoast_head_json":{"title":"T4E Escopeta HDX 68 cal .68 40 J, CO2 88g #2.4747 - Importadora MC","robots":{"index":"index","follow":"follow","max-snippet":"max-snippet:-1","max-image-preview":"max-image-preview:large","max-video-preview":"max-video-preview:-1"},"canonical":"https:\/\/importadoramc.cl\/distribucion\/producto\/t4e-escopeta-hdx-68-cal-68-40-j-co2-88g-2-4747\/","og_locale":"es_ES","og_type":"article","og_title":"T4E Escopeta HDX 68 cal .68 40 J, CO2 88g #2.4747 - Importadora MC","og_description":"Las situaciones extremas exigen medidas extremas. Aqu\u00ed es donde entra en juego el rifle de acci\u00f3n de bomba T4E Tactical Xtreme 68 calibre .68. Con su aspecto imponente y su impresionante sonido al cargar, demuestra que significa negocio. Los usuarios...","og_url":"https:\/\/importadoramc.cl\/distribucion\/producto\/t4e-escopeta-hdx-68-cal-68-40-j-co2-88g-2-4747\/","og_site_name":"Importadora MC","article_modified_time":"2026-04-16T17:03:51+00:00","og_image":[{"width":2000,"height":2000,"url":"https:\/\/importadoramc.cl\/distribucion\/wp-content\/uploads\/2025\/02\/X_2-4747-hdx68-persp8519.png","type":"image\/png"}],"twitter_card":"summary_large_image","twitter_misc":{"Tiempo estimado de lectura":"2 minutos"},"schema":{"@context":"https:\/\/schema.org","@graph":[{"@type":"WebPage","@id":"https:\/\/importadoramc.cl\/distribucion\/producto\/t4e-escopeta-hdx-68-cal-68-40-j-co2-88g-2-4747\/","url":"https:\/\/importadoramc.cl\/distribucion\/producto\/t4e-escopeta-hdx-68-cal-68-40-j-co2-88g-2-4747\/","name":"T4E Escopeta HDX 68 cal .68 40 J, CO2 88g #2.4747 - Importadora MC","isPartOf":{"@id":"https:\/\/importadoramc.cl\/distribucion\/#website"},"primaryImageOfPage":{"@id":"https:\/\/importadoramc.cl\/distribucion\/producto\/t4e-escopeta-hdx-68-cal-68-40-j-co2-88g-2-4747\/#primaryimage"},"image":{"@id":"https:\/\/importadoramc.cl\/distribucion\/producto\/t4e-escopeta-hdx-68-cal-68-40-j-co2-88g-2-4747\/#primaryimage"},"thumbnailUrl":"https:\/\/importadoramc.cl\/distribucion\/wp-content\/uploads\/2025\/02\/X_2-4747-hdx68-persp8519.png","datePublished":"2025-02-25T17:45:50+00:00","dateModified":"2026-04-16T17:03:51+00:00","breadcrumb":{"@id":"https:\/\/importadoramc.cl\/distribucion\/producto\/t4e-escopeta-hdx-68-cal-68-40-j-co2-88g-2-4747\/#breadcrumb"},"inLanguage":"es-CL","potentialAction":[{"@type":"ReadAction","target":["https:\/\/importadoramc.cl\/distribucion\/producto\/t4e-escopeta-hdx-68-cal-68-40-j-co2-88g-2-4747\/"]}]},{"@type":"ImageObject","inLanguage":"es-CL","@id":"https:\/\/importadoramc.cl\/distribucion\/producto\/t4e-escopeta-hdx-68-cal-68-40-j-co2-88g-2-4747\/#primaryimage","url":"https:\/\/importadoramc.cl\/distribucion\/wp-content\/uploads\/2025\/02\/X_2-4747-hdx68-persp8519.png","contentUrl":"https:\/\/importadoramc.cl\/distribucion\/wp-content\/uploads\/2025\/02\/X_2-4747-hdx68-persp8519.png","width":2000,"height":2000},{"@type":"BreadcrumbList","@id":"https:\/\/importadoramc.cl\/distribucion\/producto\/t4e-escopeta-hdx-68-cal-68-40-j-co2-88g-2-4747\/#breadcrumb","itemListElement":[{"@type":"ListItem","position":1,"name":"Portada","item":"https:\/\/importadoramc.cl\/distribucion\/"},{"@type":"ListItem","position":2,"name":"Productos","item":"https:\/\/importadoramc.cl\/distribucion\/productos\/"},{"@type":"ListItem","position":3,"name":"T4E Escopeta HDX 68 cal .68 40 J, CO2 88g #2.4747"}]},{"@type":"WebSite","@id":"https:\/\/importadoramc.cl\/distribucion\/#website","url":"https:\/\/importadoramc.cl\/distribucion\/","name":"Importadora MC","description":"","publisher":{"@id":"https:\/\/importadoramc.cl\/distribucion\/#organization"},"potentialAction":[{"@type":"SearchAction","target":{"@type":"EntryPoint","urlTemplate":"https:\/\/importadoramc.cl\/distribucion\/?s={search_term_string}"},"query-input":{"@type":"PropertyValueSpecification","valueRequired":true,"valueName":"search_term_string"}}],"inLanguage":"es-CL"},{"@type":"Organization","@id":"https:\/\/importadoramc.cl\/distribucion\/#organization","name":"Importadora MC","url":"https:\/\/importadoramc.cl\/distribucion\/","logo":{"@type":"ImageObject","inLanguage":"es-CL","@id":"https:\/\/importadoramc.cl\/distribucion\/#\/schema\/logo\/image\/","url":"https:\/\/importadoramc.cl\/distribucion\/wp-content\/uploads\/2025\/04\/VECTORIZACION-DE-LOGO-IMPORTADORA-1.jpg","contentUrl":"https:\/\/importadoramc.cl\/distribucion\/wp-content\/uploads\/2025\/04\/VECTORIZACION-DE-LOGO-IMPORTADORA-1.jpg","width":2559,"height":2513,"caption":"Importadora MC"},"image":{"@id":"https:\/\/importadoramc.cl\/distribucion\/#\/schema\/logo\/image\/"},"sameAs":["https:\/\/www.linkedin.com\/company\/importadora-mc-cl\/"]}]}},"_links":{"self":[{"href":"https:\/\/importadoramc.cl\/distribucion\/wp-json\/wp\/v2\/product\/2507","targetHints":{"allow":["GET"]}}],"collection":[{"href":"https:\/\/importadoramc.cl\/distribucion\/wp-json\/wp\/v2\/product"}],"about":[{"href":"https:\/\/importadoramc.cl\/distribucion\/wp-json\/wp\/v2\/types\/product"}],"wp:featuredmedia":[{"embeddable":true,"href":"https:\/\/importadoramc.cl\/distribucion\/wp-json\/wp\/v2\/media\/6861"}],"wp:attachment":[{"href":"https:\/\/importadoramc.cl\/distribucion\/wp-json\/wp\/v2\/media?parent=2507"}],"wp:term":[{"taxonomy":"product_brand","embeddable":true,"href":"https:\/\/importadoramc.cl\/distribucion\/wp-json\/wp\/v2\/product_brand?post=2507"},{"taxonomy":"product_cat","embeddable":true,"href":"https:\/\/importadoramc.cl\/distribucion\/wp-json\/wp\/v2\/product_cat?post=2507"},{"taxonomy":"product_tag","embeddable":true,"href":"https:\/\/importadoramc.cl\/distribucion\/wp-json\/wp\/v2\/product_tag?post=2507"}],"curies":[{"name":"wp","href":"https:\/\/api.w.org\/{rel}","templated":true}]}}