{"id":2167,"date":"2025-02-25T14:45:16","date_gmt":"2025-02-25T17:45:16","guid":{"rendered":"https:\/\/importadoramc.cl\/distribucion\/?post_type=product&#038;p=2167"},"modified":"2026-03-30T10:28:10","modified_gmt":"2026-03-30T13:28:10","slug":"lente-p-17-captivate-pol-green-mirror-gloss-black-frame-p-17cgm","status":"publish","type":"product","link":"https:\/\/importadoramc.cl\/distribucion\/producto\/lente-p-17-captivate-pol-green-mirror-gloss-black-frame-p-17cgm\/","title":{"rendered":"Lente P-17 CAPTIVATE POL GREEN MIRROR\/GLOSS BLACK FRAME #P-17CGM"},"content":{"rendered":"<p>A\u00f1o tras a\u00f1o, el P-17 sigue siendo un modelo ic\u00f3nico y uno de los m\u00e1s vendidos de nuestra serie Active Lifestyle. Dise\u00f1ado para adaptarse a la mayor\u00eda de las formas y tama\u00f1os de rostro, combina de manera compacta simplicidad y rendimiento. Su dise\u00f1o de lentes rectangulares tradicionales aporta un estilo cl\u00e1sico, mientras que el puente nasal y las patillas de doble inyecci\u00f3n, ligeros y ergon\u00f3micos, garantizan un ajuste seguro y c\u00f3modo durante todo el d\u00eda. <strong>Elegante, deportivo y certificado con ANSI Z87.1+<\/strong>, el P-17 cumple con los m\u00e1s altos est\u00e1ndares de seguridad para claridad \u00f3ptica y protecci\u00f3n.<\/p>\n<p><strong>Caracter\u00edsticas:<\/strong><\/p>\n<ul data-end=\"902\" data-start=\"628\">\n<li data-end=\"760\" data-start=\"628\">Cumple con los <strong>est\u00e1ndares de seguridad ANSI Z87.1<\/strong> para claridad \u00f3ptica y protecci\u00f3n contra impactos de alta masa\/alta velocidad.<\/li>\n<li data-end=\"826\" data-start=\"761\">Protecci\u00f3n 100% contra UVA\/UVB con claridad sin distorsiones.<\/li>\n<li data-end=\"847\" data-start=\"827\">Armaz\u00f3n liviano.<\/li>\n<li data-end=\"902\" data-start=\"848\">Compatible con lentes \u00f3pticos.<\/li>\n<\/ul>\n","protected":false},"excerpt":{"rendered":"<p>A\u00f1o tras a\u00f1o, el P-17 sigue siendo un modelo ic\u00f3nico y uno de los m\u00e1s vendidos de nuestra serie Active Lifestyle. Dise\u00f1ado para adaptarse a la mayor\u00eda de las formas y tama\u00f1os de rostro, combina de manera compacta simplicidad y&#8230;<\/p>\n","protected":false},"featured_media":5607,"template":"","meta":{"_acf_changed":false},"product_brand":[35],"product_cat":[64,17,65],"product_tag":[],"class_list":{"0":"post-2167","1":"product","2":"type-product","3":"status-publish","4":"has-post-thumbnail","6":"product_brand-wiley-x","7":"product_cat-equipamiento","8":"product_cat-general","9":"product_cat-lentes","11":"first","12":"outofstock","13":"taxable","14":"shipping-taxable","15":"purchasable","16":"product-type-simple"},"acf":[],"yoast_head":"<!-- This site is optimized with the Yoast SEO plugin v27.2 - https:\/\/yoast.com\/product\/yoast-seo-wordpress\/ -->\n<title>Lente P-17 CAPTIVATE POL GREEN MIRROR\/GLOSS BLACK FRAME #P-17CGM - Importadora MC<\/title>\n<meta name=\"robots\" content=\"index, follow, max-snippet:-1, max-image-preview:large, max-video-preview:-1\" \/>\n<link rel=\"canonical\" href=\"https:\/\/importadoramc.cl\/distribucion\/producto\/lente-p-17-captivate-pol-green-mirror-gloss-black-frame-p-17cgm\/\" \/>\n<meta property=\"og:locale\" content=\"es_ES\" \/>\n<meta property=\"og:type\" content=\"article\" \/>\n<meta property=\"og:title\" content=\"Lente P-17 CAPTIVATE POL GREEN MIRROR\/GLOSS BLACK FRAME #P-17CGM - Importadora MC\" \/>\n<meta property=\"og:description\" content=\"A\u00f1o tras a\u00f1o, el P-17 sigue siendo un modelo ic\u00f3nico y uno de los m\u00e1s vendidos de nuestra serie Active Lifestyle. Dise\u00f1ado para adaptarse a la mayor\u00eda de las formas y tama\u00f1os de rostro, combina de manera compacta simplicidad y...\" \/>\n<meta property=\"og:url\" content=\"https:\/\/importadoramc.cl\/distribucion\/producto\/lente-p-17-captivate-pol-green-mirror-gloss-black-frame-p-17cgm\/\" \/>\n<meta property=\"og:site_name\" content=\"Importadora MC\" \/>\n<meta property=\"article:modified_time\" content=\"2026-03-30T13:28:10+00:00\" \/>\n<meta property=\"og:image\" content=\"https:\/\/importadoramc.cl\/distribucion\/wp-content\/uploads\/2025\/02\/Lente-P-17-CAPTIVATE-POL-GREEN-MIRRORGLOSS-BLACK-FRAME-P-17CGM.png\" \/>\n\t<meta property=\"og:image:width\" content=\"1000\" \/>\n\t<meta property=\"og:image:height\" content=\"1000\" \/>\n\t<meta property=\"og:image:type\" content=\"image\/png\" \/>\n<meta name=\"twitter:card\" content=\"summary_large_image\" \/>\n<meta name=\"twitter:label1\" content=\"Tiempo estimado de lectura\" \/>\n\t<meta name=\"twitter:data1\" content=\"1 minuto\" \/>\n<script type=\"application\/ld+json\" class=\"yoast-schema-graph\">{\"@context\":\"https:\/\/schema.org\",\"@graph\":[{\"@type\":\"WebPage\",\"@id\":\"https:\/\/importadoramc.cl\/distribucion\/producto\/lente-p-17-captivate-pol-green-mirror-gloss-black-frame-p-17cgm\/\",\"url\":\"https:\/\/importadoramc.cl\/distribucion\/producto\/lente-p-17-captivate-pol-green-mirror-gloss-black-frame-p-17cgm\/\",\"name\":\"Lente P-17 CAPTIVATE POL GREEN MIRROR\/GLOSS BLACK FRAME #P-17CGM - Importadora MC\",\"isPartOf\":{\"@id\":\"https:\/\/importadoramc.cl\/distribucion\/#website\"},\"primaryImageOfPage\":{\"@id\":\"https:\/\/importadoramc.cl\/distribucion\/producto\/lente-p-17-captivate-pol-green-mirror-gloss-black-frame-p-17cgm\/#primaryimage\"},\"image\":{\"@id\":\"https:\/\/importadoramc.cl\/distribucion\/producto\/lente-p-17-captivate-pol-green-mirror-gloss-black-frame-p-17cgm\/#primaryimage\"},\"thumbnailUrl\":\"https:\/\/importadoramc.cl\/distribucion\/wp-content\/uploads\/2025\/02\/Lente-P-17-CAPTIVATE-POL-GREEN-MIRRORGLOSS-BLACK-FRAME-P-17CGM.png\",\"datePublished\":\"2025-02-25T17:45:16+00:00\",\"dateModified\":\"2026-03-30T13:28:10+00:00\",\"breadcrumb\":{\"@id\":\"https:\/\/importadoramc.cl\/distribucion\/producto\/lente-p-17-captivate-pol-green-mirror-gloss-black-frame-p-17cgm\/#breadcrumb\"},\"inLanguage\":\"es-CL\",\"potentialAction\":[{\"@type\":\"ReadAction\",\"target\":[\"https:\/\/importadoramc.cl\/distribucion\/producto\/lente-p-17-captivate-pol-green-mirror-gloss-black-frame-p-17cgm\/\"]}]},{\"@type\":\"ImageObject\",\"inLanguage\":\"es-CL\",\"@id\":\"https:\/\/importadoramc.cl\/distribucion\/producto\/lente-p-17-captivate-pol-green-mirror-gloss-black-frame-p-17cgm\/#primaryimage\",\"url\":\"https:\/\/importadoramc.cl\/distribucion\/wp-content\/uploads\/2025\/02\/Lente-P-17-CAPTIVATE-POL-GREEN-MIRRORGLOSS-BLACK-FRAME-P-17CGM.png\",\"contentUrl\":\"https:\/\/importadoramc.cl\/distribucion\/wp-content\/uploads\/2025\/02\/Lente-P-17-CAPTIVATE-POL-GREEN-MIRRORGLOSS-BLACK-FRAME-P-17CGM.png\",\"width\":1000,\"height\":1000},{\"@type\":\"BreadcrumbList\",\"@id\":\"https:\/\/importadoramc.cl\/distribucion\/producto\/lente-p-17-captivate-pol-green-mirror-gloss-black-frame-p-17cgm\/#breadcrumb\",\"itemListElement\":[{\"@type\":\"ListItem\",\"position\":1,\"name\":\"Portada\",\"item\":\"https:\/\/importadoramc.cl\/distribucion\/\"},{\"@type\":\"ListItem\",\"position\":2,\"name\":\"Productos\",\"item\":\"https:\/\/importadoramc.cl\/distribucion\/productos\/\"},{\"@type\":\"ListItem\",\"position\":3,\"name\":\"Lente P-17 CAPTIVATE POL GREEN MIRROR\/GLOSS BLACK FRAME #P-17CGM\"}]},{\"@type\":\"WebSite\",\"@id\":\"https:\/\/importadoramc.cl\/distribucion\/#website\",\"url\":\"https:\/\/importadoramc.cl\/distribucion\/\",\"name\":\"Importadora MC\",\"description\":\"\",\"publisher\":{\"@id\":\"https:\/\/importadoramc.cl\/distribucion\/#organization\"},\"potentialAction\":[{\"@type\":\"SearchAction\",\"target\":{\"@type\":\"EntryPoint\",\"urlTemplate\":\"https:\/\/importadoramc.cl\/distribucion\/?s={search_term_string}\"},\"query-input\":{\"@type\":\"PropertyValueSpecification\",\"valueRequired\":true,\"valueName\":\"search_term_string\"}}],\"inLanguage\":\"es-CL\"},{\"@type\":\"Organization\",\"@id\":\"https:\/\/importadoramc.cl\/distribucion\/#organization\",\"name\":\"Importadora MC\",\"url\":\"https:\/\/importadoramc.cl\/distribucion\/\",\"logo\":{\"@type\":\"ImageObject\",\"inLanguage\":\"es-CL\",\"@id\":\"https:\/\/importadoramc.cl\/distribucion\/#\/schema\/logo\/image\/\",\"url\":\"https:\/\/importadoramc.cl\/distribucion\/wp-content\/uploads\/2025\/04\/VECTORIZACION-DE-LOGO-IMPORTADORA-1.jpg\",\"contentUrl\":\"https:\/\/importadoramc.cl\/distribucion\/wp-content\/uploads\/2025\/04\/VECTORIZACION-DE-LOGO-IMPORTADORA-1.jpg\",\"width\":2559,\"height\":2513,\"caption\":\"Importadora MC\"},\"image\":{\"@id\":\"https:\/\/importadoramc.cl\/distribucion\/#\/schema\/logo\/image\/\"},\"sameAs\":[\"https:\/\/www.linkedin.com\/company\/importadora-mc-cl\/\"]}]}<\/script>\n<!-- \/ Yoast SEO plugin. -->","yoast_head_json":{"title":"Lente P-17 CAPTIVATE POL GREEN MIRROR\/GLOSS BLACK FRAME #P-17CGM - Importadora MC","robots":{"index":"index","follow":"follow","max-snippet":"max-snippet:-1","max-image-preview":"max-image-preview:large","max-video-preview":"max-video-preview:-1"},"canonical":"https:\/\/importadoramc.cl\/distribucion\/producto\/lente-p-17-captivate-pol-green-mirror-gloss-black-frame-p-17cgm\/","og_locale":"es_ES","og_type":"article","og_title":"Lente P-17 CAPTIVATE POL GREEN MIRROR\/GLOSS BLACK FRAME #P-17CGM - Importadora MC","og_description":"A\u00f1o tras a\u00f1o, el P-17 sigue siendo un modelo ic\u00f3nico y uno de los m\u00e1s vendidos de nuestra serie Active Lifestyle. Dise\u00f1ado para adaptarse a la mayor\u00eda de las formas y tama\u00f1os de rostro, combina de manera compacta simplicidad y...","og_url":"https:\/\/importadoramc.cl\/distribucion\/producto\/lente-p-17-captivate-pol-green-mirror-gloss-black-frame-p-17cgm\/","og_site_name":"Importadora MC","article_modified_time":"2026-03-30T13:28:10+00:00","og_image":[{"width":1000,"height":1000,"url":"https:\/\/importadoramc.cl\/distribucion\/wp-content\/uploads\/2025\/02\/Lente-P-17-CAPTIVATE-POL-GREEN-MIRRORGLOSS-BLACK-FRAME-P-17CGM.png","type":"image\/png"}],"twitter_card":"summary_large_image","twitter_misc":{"Tiempo estimado de lectura":"1 minuto"},"schema":{"@context":"https:\/\/schema.org","@graph":[{"@type":"WebPage","@id":"https:\/\/importadoramc.cl\/distribucion\/producto\/lente-p-17-captivate-pol-green-mirror-gloss-black-frame-p-17cgm\/","url":"https:\/\/importadoramc.cl\/distribucion\/producto\/lente-p-17-captivate-pol-green-mirror-gloss-black-frame-p-17cgm\/","name":"Lente P-17 CAPTIVATE POL GREEN MIRROR\/GLOSS BLACK FRAME #P-17CGM - Importadora MC","isPartOf":{"@id":"https:\/\/importadoramc.cl\/distribucion\/#website"},"primaryImageOfPage":{"@id":"https:\/\/importadoramc.cl\/distribucion\/producto\/lente-p-17-captivate-pol-green-mirror-gloss-black-frame-p-17cgm\/#primaryimage"},"image":{"@id":"https:\/\/importadoramc.cl\/distribucion\/producto\/lente-p-17-captivate-pol-green-mirror-gloss-black-frame-p-17cgm\/#primaryimage"},"thumbnailUrl":"https:\/\/importadoramc.cl\/distribucion\/wp-content\/uploads\/2025\/02\/Lente-P-17-CAPTIVATE-POL-GREEN-MIRRORGLOSS-BLACK-FRAME-P-17CGM.png","datePublished":"2025-02-25T17:45:16+00:00","dateModified":"2026-03-30T13:28:10+00:00","breadcrumb":{"@id":"https:\/\/importadoramc.cl\/distribucion\/producto\/lente-p-17-captivate-pol-green-mirror-gloss-black-frame-p-17cgm\/#breadcrumb"},"inLanguage":"es-CL","potentialAction":[{"@type":"ReadAction","target":["https:\/\/importadoramc.cl\/distribucion\/producto\/lente-p-17-captivate-pol-green-mirror-gloss-black-frame-p-17cgm\/"]}]},{"@type":"ImageObject","inLanguage":"es-CL","@id":"https:\/\/importadoramc.cl\/distribucion\/producto\/lente-p-17-captivate-pol-green-mirror-gloss-black-frame-p-17cgm\/#primaryimage","url":"https:\/\/importadoramc.cl\/distribucion\/wp-content\/uploads\/2025\/02\/Lente-P-17-CAPTIVATE-POL-GREEN-MIRRORGLOSS-BLACK-FRAME-P-17CGM.png","contentUrl":"https:\/\/importadoramc.cl\/distribucion\/wp-content\/uploads\/2025\/02\/Lente-P-17-CAPTIVATE-POL-GREEN-MIRRORGLOSS-BLACK-FRAME-P-17CGM.png","width":1000,"height":1000},{"@type":"BreadcrumbList","@id":"https:\/\/importadoramc.cl\/distribucion\/producto\/lente-p-17-captivate-pol-green-mirror-gloss-black-frame-p-17cgm\/#breadcrumb","itemListElement":[{"@type":"ListItem","position":1,"name":"Portada","item":"https:\/\/importadoramc.cl\/distribucion\/"},{"@type":"ListItem","position":2,"name":"Productos","item":"https:\/\/importadoramc.cl\/distribucion\/productos\/"},{"@type":"ListItem","position":3,"name":"Lente P-17 CAPTIVATE POL GREEN MIRROR\/GLOSS BLACK FRAME #P-17CGM"}]},{"@type":"WebSite","@id":"https:\/\/importadoramc.cl\/distribucion\/#website","url":"https:\/\/importadoramc.cl\/distribucion\/","name":"Importadora MC","description":"","publisher":{"@id":"https:\/\/importadoramc.cl\/distribucion\/#organization"},"potentialAction":[{"@type":"SearchAction","target":{"@type":"EntryPoint","urlTemplate":"https:\/\/importadoramc.cl\/distribucion\/?s={search_term_string}"},"query-input":{"@type":"PropertyValueSpecification","valueRequired":true,"valueName":"search_term_string"}}],"inLanguage":"es-CL"},{"@type":"Organization","@id":"https:\/\/importadoramc.cl\/distribucion\/#organization","name":"Importadora MC","url":"https:\/\/importadoramc.cl\/distribucion\/","logo":{"@type":"ImageObject","inLanguage":"es-CL","@id":"https:\/\/importadoramc.cl\/distribucion\/#\/schema\/logo\/image\/","url":"https:\/\/importadoramc.cl\/distribucion\/wp-content\/uploads\/2025\/04\/VECTORIZACION-DE-LOGO-IMPORTADORA-1.jpg","contentUrl":"https:\/\/importadoramc.cl\/distribucion\/wp-content\/uploads\/2025\/04\/VECTORIZACION-DE-LOGO-IMPORTADORA-1.jpg","width":2559,"height":2513,"caption":"Importadora MC"},"image":{"@id":"https:\/\/importadoramc.cl\/distribucion\/#\/schema\/logo\/image\/"},"sameAs":["https:\/\/www.linkedin.com\/company\/importadora-mc-cl\/"]}]}},"_links":{"self":[{"href":"https:\/\/importadoramc.cl\/distribucion\/wp-json\/wp\/v2\/product\/2167","targetHints":{"allow":["GET"]}}],"collection":[{"href":"https:\/\/importadoramc.cl\/distribucion\/wp-json\/wp\/v2\/product"}],"about":[{"href":"https:\/\/importadoramc.cl\/distribucion\/wp-json\/wp\/v2\/types\/product"}],"wp:featuredmedia":[{"embeddable":true,"href":"https:\/\/importadoramc.cl\/distribucion\/wp-json\/wp\/v2\/media\/5607"}],"wp:attachment":[{"href":"https:\/\/importadoramc.cl\/distribucion\/wp-json\/wp\/v2\/media?parent=2167"}],"wp:term":[{"taxonomy":"product_brand","embeddable":true,"href":"https:\/\/importadoramc.cl\/distribucion\/wp-json\/wp\/v2\/product_brand?post=2167"},{"taxonomy":"product_cat","embeddable":true,"href":"https:\/\/importadoramc.cl\/distribucion\/wp-json\/wp\/v2\/product_cat?post=2167"},{"taxonomy":"product_tag","embeddable":true,"href":"https:\/\/importadoramc.cl\/distribucion\/wp-json\/wp\/v2\/product_tag?post=2167"}],"curies":[{"name":"wp","href":"https:\/\/api.w.org\/{rel}","templated":true}]}}