{"id":1816,"date":"2025-02-25T14:44:38","date_gmt":"2025-02-25T17:44:38","guid":{"rendered":"https:\/\/importadoramc.cl\/distribucion\/?post_type=product&#038;p=1816"},"modified":"2026-03-19T15:57:10","modified_gmt":"2026-03-19T18:57:10","slug":"gas-pimienta-defense-technollogy-mk2-1oz","status":"publish","type":"product","link":"https:\/\/importadoramc.cl\/distribucion\/producto\/gas-pimienta-defense-technollogy-mk2-1oz\/","title":{"rendered":"Gas Pimienta Defense Technology Mk2 1oz"},"content":{"rendered":"<section class=\"producto-oc-mk2\">\n<h2>Cartucho OC Defense Technology\u00ae First Defense\u00ae MK-2<\/h2>\n<p>El cartucho con banda roja de 1,3% MC indica el nivel de capsaicinoides principales que se descarga por la boquilla en el momento de uso.<br data-start=\"137\" data-end=\"140\" \/>El modelo MK-2 es de tama\u00f1o ideal para que los oficiales de patrulla lo lleven en el cintur\u00f3n de servicio.<br data-start=\"246\" data-end=\"249\" \/>Esta formulaci\u00f3n ha sido probada y es no inflamable y segura para su uso con armas de descarga electr\u00f3nica (EDW).<br data-start=\"362\" data-end=\"365\" \/>Los aerosoles OC Defense Technology\u00ae First Defense\u00ae se producen en una instalaci\u00f3n de fabricaci\u00f3n con certificaci\u00f3n ISO.<br data-start=\"485\" data-end=\"488\" \/>Todos los porcentajes de capsaicinoides principales (MC%) son verificados por un laboratorio independiente para garantizar la calidad.<\/p>\n<ul>\n<li>\n<p data-start=\"0\" data-end=\"349\">El modelo MK-2 es de tama\u00f1o ideal para que los oficiales de patrulla lo lleven en el cintur\u00f3n de servicio y proporciona de 7 a 10 r\u00e1fagas cortas de OC con un alcance efectivo de 3 a 3,6 metros.<br data-start=\"193\" data-end=\"196\" \/>Este aerosol de OC al 1,3% MC utiliza un m\u00e9todo de dispersi\u00f3n en cono, ofreciendo un patr\u00f3n de rociado amplio que facilita la adquisici\u00f3n del objetivo.<\/p>\n<p data-start=\"351\" data-end=\"428\" data-is-last-node=\"\" data-is-only-node=\"\">No inflamable \/ Seguro para su uso con armas de descarga electr\u00f3nica (EDW).<\/p>\n<\/li>\n<\/ul>\n<hr \/>\n<h3>Primeros Auxilios en Caso de Exposici\u00f3n<\/h3>\n<h4>I. General<\/h4>\n<ul>\n<li>Traslade a la persona del \u00e1rea contaminada a un espacio abierto, de cara al viento.<\/li>\n<li>Mantenga la calma y limite la actividad f\u00edsica.<\/li>\n<li>La mayor\u00eda de las personas se recuperan completamente dentro de <strong>~45 minutos<\/strong> tras iniciar los primeros auxilios.<\/li>\n<\/ul>\n<h4>II. Ojos<\/h4>\n<ul>\n<li>Puede presentarse ardor intenso e inflamaci\u00f3n temporal que provoca cierre involuntario de los p\u00e1rpados.<\/li>\n<li>Lave con <strong>abundante agua fr\u00eda<\/strong>.<\/li>\n<li><strong>No<\/strong> frote ojos ni cara. Si usa toalla de papel, h\u00e1galo con toques suaves y des\u00e9chela tras un solo uso.<\/li>\n<li>Si usa <strong>lentes de contacto<\/strong>, permita que la persona se los retire o solicite asistencia m\u00e9dica. No los retire sin capacitaci\u00f3n.<\/li>\n<li>Los lentes pueden contaminarse y requerir desecho.<\/li>\n<li>Mantenga los ojos abiertos de cara al viento; el lagrimeo ayuda a despejar.<\/li>\n<li>Evite <strong>luz solar directa<\/strong> durante la descontaminaci\u00f3n para no intensificar el ardor.<\/li>\n<\/ul>\n<h4>III. Nariz<\/h4>\n<ul>\n<li>Irritaci\u00f3n, ardor y secreci\u00f3n nasal.<\/li>\n<li>Respire con normalidad.<\/li>\n<li>Su\u00e9nese para expulsar material residual.<\/li>\n<\/ul>\n<h4>IV. Piel<\/h4>\n<ul>\n<li>Ardor en zonas afectadas; posible enrojecimiento en piel clara.<\/li>\n<li><strong>No<\/strong> aplique cremas, ung\u00fcentos, aceites, lociones ni cremas para quemaduras (retienen el OC).<\/li>\n<li>Enjuague con <strong>abundante agua fr\u00eda<\/strong> y exponga al aire.<\/li>\n<li>D\u00fachese con agua fr\u00eda y <strong>jab\u00f3n suave<\/strong>; lave el cabello con <strong>champ\u00fa<\/strong>.<\/li>\n<li>L\u00e1vese y enju\u00e1guese con frecuencia para eliminar restos.<\/li>\n<\/ul>\n<p>Si tiene dudas sobre estos procedimientos, p\u00f3ngase en contacto con <strong>Defense Technology\u00ae<\/strong>.<\/p>\n<hr \/>\n<h3>Descontaminaci\u00f3n de \u00c1reas<\/h3>\n<p><strong>Paso 1:<\/strong> Ventile el edificio para eliminar el OC en suspensi\u00f3n. Abra puertas y ventanas seg\u00fan lo permita el clima. H\u00e1galo lo antes posible. El uso de ventiladores ayuda a acelerar la ventilaci\u00f3n.<\/p>\n<p><strong>Paso 2:<\/strong> Limpie superficies con agua o pa\u00f1o h\u00famedo. Cuando sea posible, realice <em>limpieza en h\u00famedo<\/em> con detergentes comerciales (por ejemplo, Dawn o Simple Green).<\/p>\n<p><strong>Paso 3:<\/strong> Lave la ropa y textiles de forma habitual (a m\u00e1quina o en seco).<\/p>\n<p><strong>Nota:<\/strong> El personal debe usar guantes de goma y mascarilla de gasa durante la limpieza para evitar contaminaci\u00f3n residual. El <strong>OC<\/strong> es mejor opci\u00f3n en interiores que <strong>CN<\/strong> o <strong>CS<\/strong>, ya que la limpieza y reocupaci\u00f3n suelen completarse en <strong>1\u20132 horas<\/strong>, con costos m\u00ednimos para la agencia.<\/p>\n<details>\n<summary><strong>Preguntas frecuentes<\/strong><\/summary>\n<p><strong>\u00bfQu\u00e9 significa 1.3% MC?<\/strong> Es el porcentaje de <em>capsaicinoides principales<\/em> medido en el chorro al momento de uso, verificado por laboratorio independiente.<\/p>\n<p><strong>\u00bfEl chorro afecta en d\u00edas con viento?<\/strong> El chorro lineal reduce la deriva y mejora la precisi\u00f3n incluso con viento en contra.<\/p>\n<p><strong>\u00bfEs compatible con EDW (Taser)?<\/strong> S\u00ed, la formulaci\u00f3n es no inflamable y segura para EDW.<\/p>\n<\/details>\n<\/section>\n","protected":false},"excerpt":{"rendered":"<p>Cartucho OC Defense Technology\u00ae First Defense\u00ae MK-2 El cartucho con banda roja de 1,3% MC indica el nivel de capsaicinoides principales que se descarga por la boquilla en el momento de uso.El modelo MK-2 es de tama\u00f1o ideal para que&#8230;<\/p>\n","protected":false},"featured_media":3152,"template":"","meta":{"_acf_changed":false},"product_brand":[110],"product_cat":[116,109,17],"product_tag":[],"class_list":{"0":"post-1816","1":"product","2":"type-product","3":"status-publish","4":"has-post-thumbnail","6":"product_brand-defense-technollogy","7":"product_cat-defensa-personal","8":"product_cat-gas-pimienta","9":"product_cat-general","11":"first","12":"instock","13":"taxable","14":"shipping-taxable","15":"purchasable","16":"product-type-simple"},"acf":[],"yoast_head":"<!-- This site is optimized with the Yoast SEO plugin v27.2 - https:\/\/yoast.com\/product\/yoast-seo-wordpress\/ -->\n<title>Gas Pimienta Defense Technology Mk2 1oz - Importadora MC<\/title>\n<meta name=\"robots\" content=\"index, follow, max-snippet:-1, max-image-preview:large, max-video-preview:-1\" \/>\n<link rel=\"canonical\" href=\"https:\/\/importadoramc.cl\/distribucion\/producto\/gas-pimienta-defense-technollogy-mk2-1oz\/\" \/>\n<meta property=\"og:locale\" content=\"es_ES\" \/>\n<meta property=\"og:type\" content=\"article\" \/>\n<meta property=\"og:title\" content=\"Gas Pimienta Defense Technology Mk2 1oz - Importadora MC\" \/>\n<meta property=\"og:description\" content=\"Cartucho OC Defense Technology\u00ae First Defense\u00ae MK-2 El cartucho con banda roja de 1,3% MC indica el nivel de capsaicinoides principales que se descarga por la boquilla en el momento de uso.El modelo MK-2 es de tama\u00f1o ideal para que...\" \/>\n<meta property=\"og:url\" content=\"https:\/\/importadoramc.cl\/distribucion\/producto\/gas-pimienta-defense-technollogy-mk2-1oz\/\" \/>\n<meta property=\"og:site_name\" content=\"Importadora MC\" \/>\n<meta property=\"article:modified_time\" content=\"2026-03-19T18:57:10+00:00\" \/>\n<meta property=\"og:image\" content=\"https:\/\/importadoramc.cl\/distribucion\/wp-content\/uploads\/2025\/02\/X_mk25642.jpg\" \/>\n\t<meta property=\"og:image:width\" content=\"371\" \/>\n\t<meta property=\"og:image:height\" content=\"371\" \/>\n\t<meta property=\"og:image:type\" content=\"image\/jpeg\" \/>\n<meta name=\"twitter:card\" content=\"summary_large_image\" \/>\n<meta name=\"twitter:label1\" content=\"Tiempo estimado de lectura\" \/>\n\t<meta name=\"twitter:data1\" content=\"3 minutos\" \/>\n<script type=\"application\/ld+json\" class=\"yoast-schema-graph\">{\"@context\":\"https:\/\/schema.org\",\"@graph\":[{\"@type\":\"WebPage\",\"@id\":\"https:\/\/importadoramc.cl\/distribucion\/producto\/gas-pimienta-defense-technollogy-mk2-1oz\/\",\"url\":\"https:\/\/importadoramc.cl\/distribucion\/producto\/gas-pimienta-defense-technollogy-mk2-1oz\/\",\"name\":\"Gas Pimienta Defense Technology Mk2 1oz - Importadora MC\",\"isPartOf\":{\"@id\":\"https:\/\/importadoramc.cl\/distribucion\/#website\"},\"primaryImageOfPage\":{\"@id\":\"https:\/\/importadoramc.cl\/distribucion\/producto\/gas-pimienta-defense-technollogy-mk2-1oz\/#primaryimage\"},\"image\":{\"@id\":\"https:\/\/importadoramc.cl\/distribucion\/producto\/gas-pimienta-defense-technollogy-mk2-1oz\/#primaryimage\"},\"thumbnailUrl\":\"https:\/\/importadoramc.cl\/distribucion\/wp-content\/uploads\/2025\/02\/X_mk25642.jpg\",\"datePublished\":\"2025-02-25T17:44:38+00:00\",\"dateModified\":\"2026-03-19T18:57:10+00:00\",\"breadcrumb\":{\"@id\":\"https:\/\/importadoramc.cl\/distribucion\/producto\/gas-pimienta-defense-technollogy-mk2-1oz\/#breadcrumb\"},\"inLanguage\":\"es-CL\",\"potentialAction\":[{\"@type\":\"ReadAction\",\"target\":[\"https:\/\/importadoramc.cl\/distribucion\/producto\/gas-pimienta-defense-technollogy-mk2-1oz\/\"]}]},{\"@type\":\"ImageObject\",\"inLanguage\":\"es-CL\",\"@id\":\"https:\/\/importadoramc.cl\/distribucion\/producto\/gas-pimienta-defense-technollogy-mk2-1oz\/#primaryimage\",\"url\":\"https:\/\/importadoramc.cl\/distribucion\/wp-content\/uploads\/2025\/02\/X_mk25642.jpg\",\"contentUrl\":\"https:\/\/importadoramc.cl\/distribucion\/wp-content\/uploads\/2025\/02\/X_mk25642.jpg\",\"width\":371,\"height\":371},{\"@type\":\"BreadcrumbList\",\"@id\":\"https:\/\/importadoramc.cl\/distribucion\/producto\/gas-pimienta-defense-technollogy-mk2-1oz\/#breadcrumb\",\"itemListElement\":[{\"@type\":\"ListItem\",\"position\":1,\"name\":\"Portada\",\"item\":\"https:\/\/importadoramc.cl\/distribucion\/\"},{\"@type\":\"ListItem\",\"position\":2,\"name\":\"Productos\",\"item\":\"https:\/\/importadoramc.cl\/distribucion\/productos\/\"},{\"@type\":\"ListItem\",\"position\":3,\"name\":\"Gas Pimienta Defense Technology Mk2 1oz\"}]},{\"@type\":\"WebSite\",\"@id\":\"https:\/\/importadoramc.cl\/distribucion\/#website\",\"url\":\"https:\/\/importadoramc.cl\/distribucion\/\",\"name\":\"Importadora MC\",\"description\":\"\",\"publisher\":{\"@id\":\"https:\/\/importadoramc.cl\/distribucion\/#organization\"},\"potentialAction\":[{\"@type\":\"SearchAction\",\"target\":{\"@type\":\"EntryPoint\",\"urlTemplate\":\"https:\/\/importadoramc.cl\/distribucion\/?s={search_term_string}\"},\"query-input\":{\"@type\":\"PropertyValueSpecification\",\"valueRequired\":true,\"valueName\":\"search_term_string\"}}],\"inLanguage\":\"es-CL\"},{\"@type\":\"Organization\",\"@id\":\"https:\/\/importadoramc.cl\/distribucion\/#organization\",\"name\":\"Importadora MC\",\"url\":\"https:\/\/importadoramc.cl\/distribucion\/\",\"logo\":{\"@type\":\"ImageObject\",\"inLanguage\":\"es-CL\",\"@id\":\"https:\/\/importadoramc.cl\/distribucion\/#\/schema\/logo\/image\/\",\"url\":\"https:\/\/importadoramc.cl\/distribucion\/wp-content\/uploads\/2025\/04\/VECTORIZACION-DE-LOGO-IMPORTADORA-1.jpg\",\"contentUrl\":\"https:\/\/importadoramc.cl\/distribucion\/wp-content\/uploads\/2025\/04\/VECTORIZACION-DE-LOGO-IMPORTADORA-1.jpg\",\"width\":2559,\"height\":2513,\"caption\":\"Importadora MC\"},\"image\":{\"@id\":\"https:\/\/importadoramc.cl\/distribucion\/#\/schema\/logo\/image\/\"},\"sameAs\":[\"https:\/\/www.linkedin.com\/company\/importadora-mc-cl\/\"]}]}<\/script>\n<!-- \/ Yoast SEO plugin. -->","yoast_head_json":{"title":"Gas Pimienta Defense Technology Mk2 1oz - Importadora MC","robots":{"index":"index","follow":"follow","max-snippet":"max-snippet:-1","max-image-preview":"max-image-preview:large","max-video-preview":"max-video-preview:-1"},"canonical":"https:\/\/importadoramc.cl\/distribucion\/producto\/gas-pimienta-defense-technollogy-mk2-1oz\/","og_locale":"es_ES","og_type":"article","og_title":"Gas Pimienta Defense Technology Mk2 1oz - Importadora MC","og_description":"Cartucho OC Defense Technology\u00ae First Defense\u00ae MK-2 El cartucho con banda roja de 1,3% MC indica el nivel de capsaicinoides principales que se descarga por la boquilla en el momento de uso.El modelo MK-2 es de tama\u00f1o ideal para que...","og_url":"https:\/\/importadoramc.cl\/distribucion\/producto\/gas-pimienta-defense-technollogy-mk2-1oz\/","og_site_name":"Importadora MC","article_modified_time":"2026-03-19T18:57:10+00:00","og_image":[{"width":371,"height":371,"url":"https:\/\/importadoramc.cl\/distribucion\/wp-content\/uploads\/2025\/02\/X_mk25642.jpg","type":"image\/jpeg"}],"twitter_card":"summary_large_image","twitter_misc":{"Tiempo estimado de lectura":"3 minutos"},"schema":{"@context":"https:\/\/schema.org","@graph":[{"@type":"WebPage","@id":"https:\/\/importadoramc.cl\/distribucion\/producto\/gas-pimienta-defense-technollogy-mk2-1oz\/","url":"https:\/\/importadoramc.cl\/distribucion\/producto\/gas-pimienta-defense-technollogy-mk2-1oz\/","name":"Gas Pimienta Defense Technology Mk2 1oz - Importadora MC","isPartOf":{"@id":"https:\/\/importadoramc.cl\/distribucion\/#website"},"primaryImageOfPage":{"@id":"https:\/\/importadoramc.cl\/distribucion\/producto\/gas-pimienta-defense-technollogy-mk2-1oz\/#primaryimage"},"image":{"@id":"https:\/\/importadoramc.cl\/distribucion\/producto\/gas-pimienta-defense-technollogy-mk2-1oz\/#primaryimage"},"thumbnailUrl":"https:\/\/importadoramc.cl\/distribucion\/wp-content\/uploads\/2025\/02\/X_mk25642.jpg","datePublished":"2025-02-25T17:44:38+00:00","dateModified":"2026-03-19T18:57:10+00:00","breadcrumb":{"@id":"https:\/\/importadoramc.cl\/distribucion\/producto\/gas-pimienta-defense-technollogy-mk2-1oz\/#breadcrumb"},"inLanguage":"es-CL","potentialAction":[{"@type":"ReadAction","target":["https:\/\/importadoramc.cl\/distribucion\/producto\/gas-pimienta-defense-technollogy-mk2-1oz\/"]}]},{"@type":"ImageObject","inLanguage":"es-CL","@id":"https:\/\/importadoramc.cl\/distribucion\/producto\/gas-pimienta-defense-technollogy-mk2-1oz\/#primaryimage","url":"https:\/\/importadoramc.cl\/distribucion\/wp-content\/uploads\/2025\/02\/X_mk25642.jpg","contentUrl":"https:\/\/importadoramc.cl\/distribucion\/wp-content\/uploads\/2025\/02\/X_mk25642.jpg","width":371,"height":371},{"@type":"BreadcrumbList","@id":"https:\/\/importadoramc.cl\/distribucion\/producto\/gas-pimienta-defense-technollogy-mk2-1oz\/#breadcrumb","itemListElement":[{"@type":"ListItem","position":1,"name":"Portada","item":"https:\/\/importadoramc.cl\/distribucion\/"},{"@type":"ListItem","position":2,"name":"Productos","item":"https:\/\/importadoramc.cl\/distribucion\/productos\/"},{"@type":"ListItem","position":3,"name":"Gas Pimienta Defense Technology Mk2 1oz"}]},{"@type":"WebSite","@id":"https:\/\/importadoramc.cl\/distribucion\/#website","url":"https:\/\/importadoramc.cl\/distribucion\/","name":"Importadora MC","description":"","publisher":{"@id":"https:\/\/importadoramc.cl\/distribucion\/#organization"},"potentialAction":[{"@type":"SearchAction","target":{"@type":"EntryPoint","urlTemplate":"https:\/\/importadoramc.cl\/distribucion\/?s={search_term_string}"},"query-input":{"@type":"PropertyValueSpecification","valueRequired":true,"valueName":"search_term_string"}}],"inLanguage":"es-CL"},{"@type":"Organization","@id":"https:\/\/importadoramc.cl\/distribucion\/#organization","name":"Importadora MC","url":"https:\/\/importadoramc.cl\/distribucion\/","logo":{"@type":"ImageObject","inLanguage":"es-CL","@id":"https:\/\/importadoramc.cl\/distribucion\/#\/schema\/logo\/image\/","url":"https:\/\/importadoramc.cl\/distribucion\/wp-content\/uploads\/2025\/04\/VECTORIZACION-DE-LOGO-IMPORTADORA-1.jpg","contentUrl":"https:\/\/importadoramc.cl\/distribucion\/wp-content\/uploads\/2025\/04\/VECTORIZACION-DE-LOGO-IMPORTADORA-1.jpg","width":2559,"height":2513,"caption":"Importadora MC"},"image":{"@id":"https:\/\/importadoramc.cl\/distribucion\/#\/schema\/logo\/image\/"},"sameAs":["https:\/\/www.linkedin.com\/company\/importadora-mc-cl\/"]}]}},"_links":{"self":[{"href":"https:\/\/importadoramc.cl\/distribucion\/wp-json\/wp\/v2\/product\/1816","targetHints":{"allow":["GET"]}}],"collection":[{"href":"https:\/\/importadoramc.cl\/distribucion\/wp-json\/wp\/v2\/product"}],"about":[{"href":"https:\/\/importadoramc.cl\/distribucion\/wp-json\/wp\/v2\/types\/product"}],"wp:featuredmedia":[{"embeddable":true,"href":"https:\/\/importadoramc.cl\/distribucion\/wp-json\/wp\/v2\/media\/3152"}],"wp:attachment":[{"href":"https:\/\/importadoramc.cl\/distribucion\/wp-json\/wp\/v2\/media?parent=1816"}],"wp:term":[{"taxonomy":"product_brand","embeddable":true,"href":"https:\/\/importadoramc.cl\/distribucion\/wp-json\/wp\/v2\/product_brand?post=1816"},{"taxonomy":"product_cat","embeddable":true,"href":"https:\/\/importadoramc.cl\/distribucion\/wp-json\/wp\/v2\/product_cat?post=1816"},{"taxonomy":"product_tag","embeddable":true,"href":"https:\/\/importadoramc.cl\/distribucion\/wp-json\/wp\/v2\/product_tag?post=1816"}],"curies":[{"name":"wp","href":"https:\/\/api.w.org\/{rel}","templated":true}]}}